{"id":321,"date":"2009-10-19T23:30:00","date_gmt":"2009-10-19T21:30:00","guid":{"rendered":"http:\/\/www.idphoto.ch\/?page_id=321"},"modified":"2017-01-15T16:44:46","modified_gmt":"2017-01-15T15:44:46","slug":"biometrische-schablone","status":"publish","type":"page","link":"https:\/\/www.idphoto.app\/lexikon\/passfoto\/biometrische-schablone\/","title":{"rendered":"Biometrische Schablone"},"content":{"rendered":"<p>Die biometrische Passbild-Schablone, die in der Schweiz zum Einsatz kommt, weicht ein wenig von der in der EU verwendeten Schablone ab.\u00a0Die Schweizer Vorgaben bzgl. der Kopfhaltung und Position der Augen werden nicht so streng ausgelegt. Das Gesicht wird zudem etwas kleiner angepasst, als bspw. in Deutschland oder Frankreich. Nur im Vereinigten K\u00f6nigreich wird der Kopf noch ein wenig kleiner dargestellt.<\/p>\n<p><a href=\"https:\/\/www.idphoto.ch\/lexikon\/wp-content\/uploads\/2009\/10\/schweizer-passbild-schablone.png\"><img loading=\"lazy\" width=\"618\" height=\"472\" class=\"aligncenter size-full wp-image-1562 img-responsive\" src=\"https:\/\/www.idphoto.ch\/lexikon\/wp-content\/uploads\/2009\/10\/schweizer-passbild-schablone.png\" alt=\"Die Schweizer Passbild-Schablone.\" srcset=\"https:\/\/www.idphoto.app\/lexikon\/wp-content\/uploads\/2009\/10\/schweizer-passbild-schablone.png 618w, https:\/\/www.idphoto.app\/lexikon\/wp-content\/uploads\/2009\/10\/schweizer-passbild-schablone-250x191.png 250w, https:\/\/www.idphoto.app\/lexikon\/wp-content\/uploads\/2009\/10\/schweizer-passbild-schablone-120x92.png 120w\" sizes=\"(max-width: 618px) 100vw, 618px\" \/><\/a><\/p>\n<p>Die genauen Vorgaben\u00a0k\u00f6nnen der <a href=\"http:\/\/www.schweizerpass.admin.ch\/dam\/data\/pass\/ausweise\/fotomustertafel.pdf\">Eidgen\u00f6ssischen Fotomustertafel <\/a>entnommen werden.\u00a0Sie zeigt auch einige Beispiel-Bilder und g\u00e4ngige\u00a0Fehler.\u00a0Die <a title=\"Fotomustertafel des Bundesamt f\u00fcr Polizei\" href=\"http:\/\/www.schweizerpass.admin.ch\/dam\/data\/pass\/ausweise\/fotomustertafel.pdf\" target=\"_blank\">Kriterien f\u00fcr die Annahme von Fotos f\u00fcr P\u00e4sse und Identit\u00e4tskarten<\/a> sind auf den <a title=\"Ausweisschriften f\u00fcr Schweizer Staatsangeh\u00f6rige\" href=\"http:\/\/www.schweizerpass.admin.ch\" target=\"_blank\">Seiten der Schweizer Ausweisvorschriften<\/a> einsehbar.<\/p>\n<p>Wenn Sie ein Foto an die biometrische Schablone anpassen m\u00f6chten,\u00a0k\u00f6nnen Sie\u00a0online unseren\u00a0<a title=\"Passfoto-Generator\" href=\"http:\/\/www.idphoto.ch\/upload\/\">Passfoto-Generator<\/a> verwenden. Das\u00a0angepasste und zugeschnittene Bild kann <span style=\"text-decoration: underline;\">kostenlos<\/span> heruntergeladen werden.<\/p>\n<div id=\"attachment_1553\" style=\"width: 246px\" class=\"wp-caption alignleft\"><img aria-describedby=\"caption-attachment-1553\" loading=\"lazy\" class=\"wp-image-1553 img-responsive\" src=\"https:\/\/www.idphoto.ch\/lexikon\/wp-content\/uploads\/2009\/10\/babyfoto-angepasst-an-biometrische-schablone.png\" alt=\"Babyfoto in biometrischer Schablone.\" width=\"236\" height=\"300\" \/><p id=\"caption-attachment-1553\" class=\"wp-caption-text\">Ein Babyfoto, angepasst an die biometrische Schablone der Schweiz.<\/p><\/div>\n<p>Oder Sie\u00a0machen es sich\u00a0ganz einfach und bestellen Abz\u00fcge mit <strong>Tauglichkeits-\u00dcberpr\u00fcfung<\/strong> und <strong>professioneller Bild-\u00dcberarbeitung<\/strong>. So retuschieren wir bspw. regelm\u00e4ssig bei jedem bestellten Foto den Hintergrund und noch einige Kleinigkeiten mehr.<\/p>\n","protected":false},"excerpt":{"rendered":"Die biometrische Passbild-Schablone, die in der Schweiz zum Einsatz kommt, weicht ein wenig von der in der EU verwendeten Schablone ab.\u00a0Die Schweizer Vorgaben bzgl. der Kopfhaltung und Position der Augen werden nicht so streng ausgelegt. Das Gesicht wird zudem etwas kleiner angepasst, als bspw. in Deutschland oder Frankreich. Nur im Vereinigten K\u00f6nigreich wird der Kopf&#8230; <a class=\"view-article\" href=\"https:\/\/www.idphoto.app\/lexikon\/passfoto\/biometrische-schablone\/\">Anzeigen<\/a>","protected":false},"author":1,"featured_media":0,"parent":142,"menu_order":0,"comment_status":"open","ping_status":"open","template":"","meta":[],"_links":{"self":[{"href":"https:\/\/www.idphoto.app\/lexikon\/wp-json\/wp\/v2\/pages\/321"}],"collection":[{"href":"https:\/\/www.idphoto.app\/lexikon\/wp-json\/wp\/v2\/pages"}],"about":[{"href":"https:\/\/www.idphoto.app\/lexikon\/wp-json\/wp\/v2\/types\/page"}],"author":[{"embeddable":true,"href":"https:\/\/www.idphoto.app\/lexikon\/wp-json\/wp\/v2\/users\/1"}],"replies":[{"embeddable":true,"href":"https:\/\/www.idphoto.app\/lexikon\/wp-json\/wp\/v2\/comments?post=321"}],"version-history":[{"count":15,"href":"https:\/\/www.idphoto.app\/lexikon\/wp-json\/wp\/v2\/pages\/321\/revisions"}],"predecessor-version":[{"id":1883,"href":"https:\/\/www.idphoto.app\/lexikon\/wp-json\/wp\/v2\/pages\/321\/revisions\/1883"}],"up":[{"embeddable":true,"href":"https:\/\/www.idphoto.app\/lexikon\/wp-json\/wp\/v2\/pages\/142"}],"wp:attachment":[{"href":"https:\/\/www.idphoto.app\/lexikon\/wp-json\/wp\/v2\/media?parent=321"}],"curies":[{"name":"wp","href":"https:\/\/api.w.org\/{rel}","templated":true}]}}