{"id":31,"date":"2009-09-09T19:59:41","date_gmt":"2009-09-09T17:59:41","guid":{"rendered":"http:\/\/www.idphoto.ch\/\/?page_id=31"},"modified":"2015-09-13T19:29:15","modified_gmt":"2015-09-13T17:29:15","slug":"ausweispflicht","status":"publish","type":"page","link":"https:\/\/www.idphoto.app\/lexikon\/identitaetskarte\/ausweispflicht\/","title":{"rendered":"Ausweispflicht"},"content":{"rendered":"<p>Laut Gesetzgebung existiert in der Schweiz keine Ausweispflicht. Was jedoch passieren kann ist, dass Sie zwecks Feststellung Ihrer Identit\u00e4t (kann im Falle einer Fahndung, aufgrund\u00a0Verwechslungen o.\u00e4. auftreten) gebeten werden, die n\u00e4chste Wache aufzusuchen. Ein mitgef\u00fchrter Ausweis, kann somit eine Menge \u00c4rger und Zeit ersparen.<\/p>\n","protected":false},"excerpt":{"rendered":"Laut Gesetzgebung existiert in der Schweiz keine Ausweispflicht. Was jedoch passieren kann ist, dass Sie zwecks Feststellung Ihrer Identit\u00e4t (kann im Falle einer Fahndung, aufgrund\u00a0Verwechslungen o.\u00e4. auftreten) gebeten werden, die n\u00e4chste Wache aufzusuchen. Ein mitgef\u00fchrter Ausweis, kann somit eine Menge \u00c4rger und Zeit ersparen.","protected":false},"author":1,"featured_media":0,"parent":33,"menu_order":0,"comment_status":"open","ping_status":"open","template":"","meta":[],"_links":{"self":[{"href":"https:\/\/www.idphoto.app\/lexikon\/wp-json\/wp\/v2\/pages\/31"}],"collection":[{"href":"https:\/\/www.idphoto.app\/lexikon\/wp-json\/wp\/v2\/pages"}],"about":[{"href":"https:\/\/www.idphoto.app\/lexikon\/wp-json\/wp\/v2\/types\/page"}],"author":[{"embeddable":true,"href":"https:\/\/www.idphoto.app\/lexikon\/wp-json\/wp\/v2\/users\/1"}],"replies":[{"embeddable":true,"href":"https:\/\/www.idphoto.app\/lexikon\/wp-json\/wp\/v2\/comments?post=31"}],"version-history":[{"count":2,"href":"https:\/\/www.idphoto.app\/lexikon\/wp-json\/wp\/v2\/pages\/31\/revisions"}],"predecessor-version":[{"id":1663,"href":"https:\/\/www.idphoto.app\/lexikon\/wp-json\/wp\/v2\/pages\/31\/revisions\/1663"}],"up":[{"embeddable":true,"href":"https:\/\/www.idphoto.app\/lexikon\/wp-json\/wp\/v2\/pages\/33"}],"wp:attachment":[{"href":"https:\/\/www.idphoto.app\/lexikon\/wp-json\/wp\/v2\/media?parent=31"}],"curies":[{"name":"wp","href":"https:\/\/api.w.org\/{rel}","templated":true}]}}