{"id":2083,"date":"2016-11-20T11:12:33","date_gmt":"2016-11-20T10:12:33","guid":{"rendered":"https:\/\/www.idphoto.ch\/lexikon\/?page_id=2083"},"modified":"2016-12-11T11:12:15","modified_gmt":"2016-12-11T10:12:15","slug":"philippinen-%f0%9f%87%b5%f0%9f%87%ad","status":"publish","type":"page","link":"https:\/\/www.idphoto.app\/lexikon\/visum\/philippinen-%f0%9f%87%b5%f0%9f%87%ad\/","title":{"rendered":"Philippinen \ud83c\uddf5\ud83c\udded"},"content":{"rendered":"<p>Staatsangeh\u00f6rige der Schweiz und Liechtensteins sowie derjenigen anderer L\u00e4nder (<a href=\"http:\/\/www.philembassyberne.ch\/consvces.htm\">Konsularabteilung der Botschaft<\/a>), die die Philippinen besuchen m\u00f6chten, k\u00f6nnen ohne Visum in das Land aufgenommen werden, wenn ihr Aufenthalt auf\u00a0den Philippinen nicht mehr als 30 Tage andauern soll. Sie m\u00fcssen Inhaber eines g\u00fcltigen Passes sein und Reservierungen f\u00fcr ihre R\u00fcckreise oder Weiterreise in ein anderes Land best\u00e4tigt haben.<\/p>\n<p id=\"tw-target-text\" class=\"tw-data-text tw-ta tw-text-small\" dir=\"ltr\" data-placeholder=\"\u00dcbersetzung\"><span lang=\"de\">Touristen, die die 30-Tage-Visumspflicht in Anspruch nehmen, k\u00f6nnen eine Verl\u00e4ngerung des Aufenthalts durch das Bureau of Immigration in den Philippinen gew\u00e4hrt bekommen.\u00a0Vorbehaltlich der Zahlung anwendbarer Erstreckungsgeb\u00fchren und anderer Geb\u00fchren, die dieses Pr\u00e4sidium in Rechnung stellen kann.<\/span><\/p>\n<h2 class=\"tw-data-text tw-ta tw-text-small\" dir=\"ltr\" data-placeholder=\"\u00dcbersetzung\">Visapflicht<\/h2>\n<p id=\"tw-target-text\" class=\"tw-data-text tw-ta tw-text-small\" dir=\"ltr\" data-placeholder=\"\u00dcbersetzung\"><span lang=\"de\">Besucher, die nicht unter die oben genannten fallen und diejenigen, die mehr als 30 Tage bleiben wollen, sind verpflichtet, ein vor\u00fcbergehendes Visum (f\u00fcr Gesch\u00e4fte\/ Vergn\u00fcgen)\u00a0zu beantragen. Staatenlose B\u00fcrger, die ein Reisedokument vom\u00a0<a href=\"https:\/\/www.sem.admin.ch\/sem\/de\/home.html\">Staatssekretariat f\u00fcr Migration<\/a> ausgestellt bekommen haben, m\u00fcssen zwingend ein Visum beantragen. Sie m\u00fcssen ihr schweizerisches Aufenthaltserlaubnis- und Reisedokument zusammen mit den nachstehend aufgef\u00fchrten weiteren Anforderungen vorlegen. <\/span><\/p>\n<ul>\n<li id=\"tw-target-text\" class=\"tw-data-text tw-ta tw-text-small\" dir=\"ltr\" data-placeholder=\"\u00dcbersetzung\"><span lang=\"de\">Original Reisepass\u00a0(g\u00fcltig min.\u00a06 Monate) \u00a0 \u00a0 \u00a0 \u00a0 \u00a0 \u00a0<\/span><\/li>\n<li class=\"tw-data-text tw-ta tw-text-small\" dir=\"ltr\" data-placeholder=\"\u00dcbersetzung\"><span lang=\"de\">Ein <a href=\"https:\/\/www.idphoto.ch\/upload\/passbild\">Passbild<\/a> (EU Standard, 35 mm x 45 mm), r\u00fcckseitig signiert \u00a0\u00a0\u00a0\u00a0\u00a0\u00a0\u00a0\u00a0\u00a0\u00a0<\/span><\/li>\n<li class=\"tw-data-text tw-ta tw-text-small\" dir=\"ltr\" data-placeholder=\"\u00dcbersetzung\"><span lang=\"de\">Ein ordnungsgem\u00e4\u00df ausgef\u00fclltes Antragsformular (<a href=\"http:\/\/www.philembassyberne.ch\/downloads.htm\">FA Form No. 2-A<\/a>) \u00a0 \u00a0 \u00a0 \u00a0 \u00a0 \u00a0<\/span><\/li>\n<li class=\"tw-data-text tw-ta tw-text-small\" dir=\"ltr\" data-placeholder=\"\u00dcbersetzung\"><span lang=\"de\">Fotokopie des Flugtickets mit einem Teil, der eine Weiterreise oder eine Reisebest\u00e4tigung des Reiseb\u00fcros anzeigt \u00a0\u00a0\u00a0\u00a0\u00a0\u00a0\u00a0\u00a0\u00a0\u00a0<\/span><\/li>\n<li class=\"tw-data-text tw-ta tw-text-small\" dir=\"ltr\" data-placeholder=\"\u00dcbersetzung\"><span lang=\"de\">Selbstadressierter Umschlag mit CHF 6,- Frankatur\u00a0f\u00fcr die R\u00fccksendung des Passes \u00a0\u00a0\u00a0\u00a0\u00a0\u00a0\u00a0\u00a0\u00a0\u00a0<\/span><\/li>\n<li class=\"tw-data-text tw-ta tw-text-small\" dir=\"ltr\" data-placeholder=\"\u00dcbersetzung\"><span lang=\"de\">Geb\u00fchren: <\/span>\n<ul>\n<li><span lang=\"de\">CHF 30.00 &#8211; f\u00fcr einen Eintrag (g\u00fcltig f\u00fcr die Einreise innerhalb von 3 Monaten ab Ausstellungsdatum) <\/span><\/li>\n<li><span lang=\"de\">CHF 60.00 &#8211; f\u00fcr Mehrfacheintrag (g\u00fcltig f\u00fcr Mehrfacheintrag\u00a0innerhalb von 6 Monaten ab Ausstellungsdatum) <\/span><\/li>\n<li><span lang=\"de\">CHF 90.00 &#8211; f\u00fcr eine Mehrfacheintragung (g\u00fcltig f\u00fcr mehrfache Eintragung innerhalb eines Jahres ab Ausstellungsdatum) \u00a0\u00a0\u00a0\u00a0\u00a0\u00a0\u00a0\u00a0<\/span><\/li>\n<\/ul>\n<\/li>\n<li><span lang=\"de\">F\u00fcr Besucher, die gesch\u00e4ftlich unterwegs sind: Gesch\u00e4ftsbriefe \u00a0der Firma, welche\u00a0die Reise sponsert \u00a0 \u00a0 \u00a0 \u00a0\u00a0<\/span><\/li>\n<li><span lang=\"de\">F\u00fcr Ausl\u00e4nder in der Schweiz: Kopie der Schweizer Aufenthalts- oder Niederlassungsbewilligung<\/span><\/li>\n<\/ul>\n<p class=\"tw-data-text tw-ta tw-text-small\" dir=\"ltr\" data-placeholder=\"\u00dcbersetzung\"><span lang=\"de\">Diese beiden Reisedokumente sollten eine G\u00fcltigkeit von mindestens 6 Monaten haben.<\/span><\/p>\n<p class=\"tw-data-text tw-ta tw-text-small\" dir=\"ltr\" data-placeholder=\"\u00dcbersetzung\">\n<div style=\"width: 307px\" class=\"wp-caption aligncenter\"><a href=\"https:\/\/www.eda.admin.ch\/content\/eda\/de\/home\/laender-reise-information\/philippinen\/reisehinweise-philippinen.html\"><img loading=\"lazy\" src=\"http:\/\/www.nationalflaggen.de\/media\/flags\/flagge-philippinen.gif\" width=\"297\" height=\"198\" \/><\/a><p class=\"wp-caption-text\">Reisehinweise des EDA<\/p><\/div>\n<p>&nbsp;<\/p>\n<p><a class=\"flat-button orange-flat-button\" title=\"Bild hochladen und Passbild f\u00fcr den F\u00fchrerschein zuschneiden\" href=\"https:\/\/www.idphoto.ch\/upload\/passbild\">Jetzt ein Passbild\u00a0erstellen \u00bb<\/a><\/p>\n","protected":false},"excerpt":{"rendered":"Staatsangeh\u00f6rige der Schweiz und Liechtensteins sowie derjenigen anderer L\u00e4nder (Konsularabteilung der Botschaft), die die Philippinen besuchen m\u00f6chten, k\u00f6nnen ohne Visum in das Land aufgenommen werden, wenn ihr Aufenthalt auf\u00a0den Philippinen nicht mehr als 30 Tage andauern soll. Sie m\u00fcssen Inhaber eines g\u00fcltigen Passes sein und Reservierungen f\u00fcr ihre R\u00fcckreise oder Weiterreise in ein anderes Land&#8230; <a class=\"view-article\" href=\"https:\/\/www.idphoto.app\/lexikon\/visum\/philippinen-%f0%9f%87%b5%f0%9f%87%ad\/\">Anzeigen<\/a>","protected":false},"author":5,"featured_media":0,"parent":998,"menu_order":0,"comment_status":"closed","ping_status":"closed","template":"","meta":[],"_links":{"self":[{"href":"https:\/\/www.idphoto.app\/lexikon\/wp-json\/wp\/v2\/pages\/2083"}],"collection":[{"href":"https:\/\/www.idphoto.app\/lexikon\/wp-json\/wp\/v2\/pages"}],"about":[{"href":"https:\/\/www.idphoto.app\/lexikon\/wp-json\/wp\/v2\/types\/page"}],"author":[{"embeddable":true,"href":"https:\/\/www.idphoto.app\/lexikon\/wp-json\/wp\/v2\/users\/5"}],"replies":[{"embeddable":true,"href":"https:\/\/www.idphoto.app\/lexikon\/wp-json\/wp\/v2\/comments?post=2083"}],"version-history":[{"count":7,"href":"https:\/\/www.idphoto.app\/lexikon\/wp-json\/wp\/v2\/pages\/2083\/revisions"}],"predecessor-version":[{"id":2214,"href":"https:\/\/www.idphoto.app\/lexikon\/wp-json\/wp\/v2\/pages\/2083\/revisions\/2214"}],"up":[{"embeddable":true,"href":"https:\/\/www.idphoto.app\/lexikon\/wp-json\/wp\/v2\/pages\/998"}],"wp:attachment":[{"href":"https:\/\/www.idphoto.app\/lexikon\/wp-json\/wp\/v2\/media?parent=2083"}],"curies":[{"name":"wp","href":"https:\/\/api.w.org\/{rel}","templated":true}]}}