{"id":1440,"date":"2014-10-22T11:08:11","date_gmt":"2014-10-22T09:08:11","guid":{"rendered":"http:\/\/www.idphoto.ch\/?page_id=1440"},"modified":"2015-11-03T10:59:46","modified_gmt":"2015-11-03T09:59:46","slug":"badge-zutrittsausweis","status":"publish","type":"page","link":"https:\/\/www.idphoto.app\/lexikon\/badge-zutrittsausweis\/","title":{"rendered":"Badge \/ Zutritts&shy;ausweis"},"content":{"rendered":"<p>Insbesondere Firmen mit einer grossen Anzahl an Mitarbeitenden stellen jedem Angestellten ein firmeninternes Ausweisdokument aus, das sog. Badge bzw. der Zutrittsausweis. Dieses hat einerseits eine klassische Ausweisfunktion, dient andererseits regelm\u00e4ssig zugleich als Zutrittsberechtigung f\u00fcr das Firmengel\u00e4nde sowie h\u00e4ufig der Arbeitszeiterfassung.<\/p>\n<p>Zum Zwecke der Identifizierung wird das Badge oder der Zutrittsausweis sehr h\u00e4ufig mit einem Foto des Inhabers versehen. In der Regel werden keine hohen Anforderungen an das Passfoto gestellt: Wichtig ist zum einen, dass die abgebildete Person klar erkennbar ist (daher sollte insbesondere auf einen einheitlichen Hintergrund, z.B. eine weisse Wand geachtet werden) und zum anderen, dass das Format des Passbildes 35 \u00d7 45 mm betr\u00e4gt.<\/p>\n<p>Die Anpassung an das klassische Passbildformat kann, mittels unseres <a href=\"https:\/\/www.idphoto.ch\/upload\/\">Passfoto-Generators<\/a>, problem- und kostenlos vorgenommen werden.\u00a0Zudem bietet idphoto Firmenkunden massgeschneiderte M\u00f6glichkeiten und L\u00f6sungen zur Beschaffung und Bearbeitung von Mitarbeiterfotos an. Mehr Informationen finden Sie <a href=\"https:\/\/www.idphoto.ch\/partner\">hier<\/a>.<\/p>\n","protected":false},"excerpt":{"rendered":"Insbesondere Firmen mit einer grossen Anzahl an Mitarbeitenden stellen jedem Angestellten ein firmeninternes Ausweisdokument aus, das sog. Badge bzw. der Zutrittsausweis. Dieses hat einerseits eine klassische Ausweisfunktion, dient andererseits regelm\u00e4ssig zugleich als Zutrittsberechtigung f\u00fcr das Firmengel\u00e4nde sowie h\u00e4ufig der Arbeitszeiterfassung. Zum Zwecke der Identifizierung wird das Badge oder der Zutrittsausweis sehr h\u00e4ufig mit einem Foto&#8230; <a class=\"view-article\" href=\"https:\/\/www.idphoto.app\/lexikon\/badge-zutrittsausweis\/\">Anzeigen<\/a>","protected":false},"author":3,"featured_media":0,"parent":0,"menu_order":0,"comment_status":"open","ping_status":"closed","template":"lexikonkategorie_template.php","meta":[],"_links":{"self":[{"href":"https:\/\/www.idphoto.app\/lexikon\/wp-json\/wp\/v2\/pages\/1440"}],"collection":[{"href":"https:\/\/www.idphoto.app\/lexikon\/wp-json\/wp\/v2\/pages"}],"about":[{"href":"https:\/\/www.idphoto.app\/lexikon\/wp-json\/wp\/v2\/types\/page"}],"author":[{"embeddable":true,"href":"https:\/\/www.idphoto.app\/lexikon\/wp-json\/wp\/v2\/users\/3"}],"replies":[{"embeddable":true,"href":"https:\/\/www.idphoto.app\/lexikon\/wp-json\/wp\/v2\/comments?post=1440"}],"version-history":[{"count":7,"href":"https:\/\/www.idphoto.app\/lexikon\/wp-json\/wp\/v2\/pages\/1440\/revisions"}],"predecessor-version":[{"id":1826,"href":"https:\/\/www.idphoto.app\/lexikon\/wp-json\/wp\/v2\/pages\/1440\/revisions\/1826"}],"wp:attachment":[{"href":"https:\/\/www.idphoto.app\/lexikon\/wp-json\/wp\/v2\/media?parent=1440"}],"curies":[{"name":"wp","href":"https:\/\/api.w.org\/{rel}","templated":true}]}}