{"id":1343,"date":"2014-02-09T20:49:06","date_gmt":"2014-02-09T18:49:06","guid":{"rendered":"http:\/\/www.idphoto.ch\/?page_id=1343"},"modified":"2016-11-22T21:47:26","modified_gmt":"2016-11-22T20:47:26","slug":"bolivien","status":"publish","type":"page","link":"https:\/\/www.idphoto.app\/lexikon\/visum\/bolivien\/","title":{"rendered":"Bolivien \ud83c\udde7\ud83c\uddf4"},"content":{"rendered":"<p>F\u00fcr die Einreise in Bolivien ist f\u00fcr Staatsangeh\u00f6rige der Schweiz und Liechtenstein die Beantragung eines Visums nicht erforderlich, sofern die Aufenthaltsdauer maximal 30 Tage betr\u00e4gt. F\u00fcr andere Zwecke (Gesch\u00e4ftsreisen, Arbeit, Studium, etc.) wird grunds\u00e4tzlich ein Visum ben\u00f6tigt. Ein solches ist vor der Einreise bei der <a href=\"http:\/\/www.bolivia.de\/\">bolivianischen Botschaft in Berlin<\/a> zu beantragen, hat ebenfalls eine G\u00fcltigkeit von 30 Tagen und kann bei Bedarf vor Ort geb\u00fchrenpflichtig verl\u00e4ngert werden. Nebst einem noch mindestens sechs Monate g\u00fcltigen Reisepass und zwei biometrischen farbigen <a href=\"http:\/\/www.idphoto.ch\/upload\/\">Passfotos<\/a>, sind insbesondere ein polizeiliches F\u00fchrungszeugnis (welches nicht \u00e4lter als einen Monat sein darf) sowie der Nachweis einer Gelbfiberimpfung erforderlich.<\/p>\n<p>&nbsp;<\/p>\n<div id=\"attachment_1344\" style=\"width: 310px\" class=\"wp-caption aligncenter\"><a href=\"https:\/\/www.eda.admin.ch\/eda\/de\/home\/vertretungen-und-reisehinweise\/bolivien\/reisehinweise-fuerbolivien.html\"><img aria-describedby=\"caption-attachment-1344\" loading=\"lazy\" class=\"wp-image-1344\" title=\"https:\/\/www.eda.admin.ch\/eda\/de\/home\/vertretungen-und-reisehinweise\/bolivien\/reisehinweise-fuerbolivien.html\" src=\"https:\/\/www.idphoto.ch\/lexikon\/wp-content\/uploads\/2014\/02\/bolivien2.gif\" width=\"300\" height=\"199\" \/><\/a><p id=\"caption-attachment-1344\" class=\"wp-caption-text\">Reisehinweise des EDA<\/p><\/div>\n<p>&nbsp;<\/p>\n<p><a class=\"flat-button orange-flat-button\" title=\"Bild hochladen und Passbild f\u00fcr den F\u00fchrerschein zuschneiden\" href=\"https:\/\/www.idphoto.ch\/upload\/passbild\">Jetzt ein Passbild\u00a0erstellen \u00bb<\/a><\/p>\n<p>&nbsp;<\/p>\n","protected":false},"excerpt":{"rendered":"F\u00fcr die Einreise in Bolivien ist f\u00fcr Staatsangeh\u00f6rige der Schweiz und Liechtenstein die Beantragung eines Visums nicht erforderlich, sofern die Aufenthaltsdauer maximal 30 Tage betr\u00e4gt. F\u00fcr andere Zwecke (Gesch\u00e4ftsreisen, Arbeit, Studium, etc.) wird grunds\u00e4tzlich ein Visum ben\u00f6tigt. Ein solches ist vor der Einreise bei der bolivianischen Botschaft in Berlin zu beantragen, hat ebenfalls eine G\u00fcltigkeit&#8230; <a class=\"view-article\" href=\"https:\/\/www.idphoto.app\/lexikon\/visum\/bolivien\/\">Anzeigen<\/a>","protected":false},"author":3,"featured_media":0,"parent":998,"menu_order":0,"comment_status":"open","ping_status":"open","template":"","meta":[],"_links":{"self":[{"href":"https:\/\/www.idphoto.app\/lexikon\/wp-json\/wp\/v2\/pages\/1343"}],"collection":[{"href":"https:\/\/www.idphoto.app\/lexikon\/wp-json\/wp\/v2\/pages"}],"about":[{"href":"https:\/\/www.idphoto.app\/lexikon\/wp-json\/wp\/v2\/types\/page"}],"author":[{"embeddable":true,"href":"https:\/\/www.idphoto.app\/lexikon\/wp-json\/wp\/v2\/users\/3"}],"replies":[{"embeddable":true,"href":"https:\/\/www.idphoto.app\/lexikon\/wp-json\/wp\/v2\/comments?post=1343"}],"version-history":[{"count":7,"href":"https:\/\/www.idphoto.app\/lexikon\/wp-json\/wp\/v2\/pages\/1343\/revisions"}],"predecessor-version":[{"id":2131,"href":"https:\/\/www.idphoto.app\/lexikon\/wp-json\/wp\/v2\/pages\/1343\/revisions\/2131"}],"up":[{"embeddable":true,"href":"https:\/\/www.idphoto.app\/lexikon\/wp-json\/wp\/v2\/pages\/998"}],"wp:attachment":[{"href":"https:\/\/www.idphoto.app\/lexikon\/wp-json\/wp\/v2\/media?parent=1343"}],"curies":[{"name":"wp","href":"https:\/\/api.w.org\/{rel}","templated":true}]}}