{"id":1326,"date":"2014-02-08T01:27:53","date_gmt":"2014-02-07T23:27:53","guid":{"rendered":"http:\/\/www.idphoto.ch\/?page_id=1326"},"modified":"2016-12-11T11:11:59","modified_gmt":"2016-12-11T10:11:59","slug":"peru","status":"publish","type":"page","link":"https:\/\/www.idphoto.app\/lexikon\/visum\/peru\/","title":{"rendered":"Peru \ud83c\uddf5\ud83c\uddea"},"content":{"rendered":"<p>F\u00fcr die Einreise in Peru ist f\u00fcr Staatsangeh\u00f6rige der Schweiz und Liechtenstein die Beantragung eines Visums nicht erfoderlich, sofern die Aufenthaltsdauer maximal 183 Tage betr\u00e4gt. Im Flugzeug bzw. an der Grenze ist lediglich (kostenlos) eine &#8222;Andean Immigration Card&#8220; (TAM) auszuf\u00fcllen. Diese ist sorgsam aufzubewahren, da sie f\u00fcr die Ausreise ben\u00f6tigt wird. F\u00fcr l\u00e4nge Aufenthalte sowie f\u00fcr andere Zwecke (Gesch\u00e4ftsreisen, Arbeit, Studium, etc.) wird grunds\u00e4tzlich ein Visum ben\u00f6tigt. Ein solches ist vor der Einreise bei der <a href=\"http:\/\/www.embaperu.ch\/\">peruanischen Botschaft in Bern<\/a> zu beantragen.<\/p>\n<p>&nbsp;<\/p>\n<div id=\"attachment_1329\" style=\"width: 260px\" class=\"wp-caption aligncenter\"><a href=\"https:\/\/www.eda.admin.ch\/eda\/de\/home\/vertretungen-und-reisehinweise\/peru\/reisehinweise-fuerperu.html\"><img aria-describedby=\"caption-attachment-1329\" loading=\"lazy\" class=\"wp-image-1329 size-medium\" title=\"https:\/\/www.eda.admin.ch\/eda\/de\/home\/vertretungen-und-reisehinweise\/peru\/reisehinweise-fuerperu.html\" src=\"https:\/\/www.idphoto.ch\/lexikon\/wp-content\/uploads\/2014\/02\/flagge-peru-250x167.gif\" width=\"250\" height=\"167\" srcset=\"https:\/\/www.idphoto.app\/lexikon\/wp-content\/uploads\/2014\/02\/flagge-peru-250x167.gif 250w, https:\/\/www.idphoto.app\/lexikon\/wp-content\/uploads\/2014\/02\/flagge-peru-120x80.gif 120w\" sizes=\"(max-width: 250px) 100vw, 250px\" \/><\/a><p id=\"caption-attachment-1329\" class=\"wp-caption-text\">Reisehinweise des EDA<\/p><\/div>\n<p>&nbsp;<\/p>\n<p><a class=\"flat-button orange-flat-button\" title=\"Bild hochladen und Passbild f\u00fcr den F\u00fchrerschein zuschneiden\" href=\"https:\/\/www.idphoto.ch\/upload\/passbild\">Jetzt ein Passbild\u00a0erstellen \u00bb<\/a><\/p>\n","protected":false},"excerpt":{"rendered":"F\u00fcr die Einreise in Peru ist f\u00fcr Staatsangeh\u00f6rige der Schweiz und Liechtenstein die Beantragung eines Visums nicht erfoderlich, sofern die Aufenthaltsdauer maximal 183 Tage betr\u00e4gt. Im Flugzeug bzw. an der Grenze ist lediglich (kostenlos) eine &#8222;Andean Immigration Card&#8220; (TAM) auszuf\u00fcllen. Diese ist sorgsam aufzubewahren, da sie f\u00fcr die Ausreise ben\u00f6tigt wird. F\u00fcr l\u00e4nge Aufenthalte sowie&#8230; <a class=\"view-article\" href=\"https:\/\/www.idphoto.app\/lexikon\/visum\/peru\/\">Anzeigen<\/a>","protected":false},"author":3,"featured_media":0,"parent":998,"menu_order":0,"comment_status":"open","ping_status":"open","template":"","meta":[],"_links":{"self":[{"href":"https:\/\/www.idphoto.app\/lexikon\/wp-json\/wp\/v2\/pages\/1326"}],"collection":[{"href":"https:\/\/www.idphoto.app\/lexikon\/wp-json\/wp\/v2\/pages"}],"about":[{"href":"https:\/\/www.idphoto.app\/lexikon\/wp-json\/wp\/v2\/types\/page"}],"author":[{"embeddable":true,"href":"https:\/\/www.idphoto.app\/lexikon\/wp-json\/wp\/v2\/users\/3"}],"replies":[{"embeddable":true,"href":"https:\/\/www.idphoto.app\/lexikon\/wp-json\/wp\/v2\/comments?post=1326"}],"version-history":[{"count":7,"href":"https:\/\/www.idphoto.app\/lexikon\/wp-json\/wp\/v2\/pages\/1326\/revisions"}],"predecessor-version":[{"id":2213,"href":"https:\/\/www.idphoto.app\/lexikon\/wp-json\/wp\/v2\/pages\/1326\/revisions\/2213"}],"up":[{"embeddable":true,"href":"https:\/\/www.idphoto.app\/lexikon\/wp-json\/wp\/v2\/pages\/998"}],"wp:attachment":[{"href":"https:\/\/www.idphoto.app\/lexikon\/wp-json\/wp\/v2\/media?parent=1326"}],"curies":[{"name":"wp","href":"https:\/\/api.w.org\/{rel}","templated":true}]}}