{"id":1286,"date":"2014-01-27T21:15:36","date_gmt":"2014-01-27T19:15:36","guid":{"rendered":"http:\/\/www.idphoto.ch\/?page_id=1286"},"modified":"2016-12-14T13:39:39","modified_gmt":"2016-12-14T12:39:39","slug":"argentinien","status":"publish","type":"page","link":"https:\/\/www.idphoto.app\/lexikon\/visum\/argentinien\/","title":{"rendered":"Argentinien \ud83c\udde6\ud83c\uddf7"},"content":{"rendered":"<nav class=\"chapter-toc\">\n<h2>Auf dieser Seite<\/h2>\n<ul>\n<li><a class=\"smooth\" href=\"#Allgemeine Informationen\">Allgemeine Informationen<\/a><\/li>\n<li><a class=\"smooth\" href=\"#Wo beantragen\">Wo beantragen<\/a><\/li>\n<\/ul>\n<\/nav>\n<h2 id=\"Allgemeine Informationen\">Allgemeine Informationen<\/h2>\n<p>F\u00fcr die Einreise in Argentinien ben\u00f6tigen Staatsangeh\u00f6rige der Schweiz und Liechtenstein bis zu einer Aufenthaltsdauer von 90 Tagen kein Visum. F\u00fcr einen touristischen Aufenthalt von mehr als 90 Tagen ist die Beantragung eines Touristenvisums erforderlich. Gesch\u00e4ftsreisende ben\u00f6tigen hingegen stets ein Visum.\u00a0 Neben einem noch mindestens drei Monate g\u00fcltigen Reisepass ist ein regul\u00e4res <a href=\"https:\/\/www.idphoto.ch\/upload\/passbild\">Passbild<\/a> erforderlich. Des weiteren ist ein Billet f\u00fcr die R\u00fcck- bzw. Weiterreise sowie ein Nachweis ausreichender Geldmittel f\u00fcr die Dauer des Aufenthalts mitzuf\u00fchren.<\/p>\n<p>Kinder ben\u00f6tigen einen eigenen Reisepass. Zudem ist ein Famileinb\u00fcchleins bzw. eine Kopie des Geburtsscheins erforderlich. Reist nur ein Elternteil gemeinsam mit minderj\u00e4hrigen Kindern, muss eine schriftliche Einwilligung des zweiten Elternteils vorliegen. Eine entsprechende Bescheinigung ist auch bei alleinigem Sorgerecht notwendig.<\/p>\n<h2 id=\"Wo beantragen\">Wo beantragen<\/h2>\n<p>Hier gelangen Sie zur <a href=\"http:\/\/www.suiza.embajada-argentina.gov.ar\/\">Argentinischen Botschaft<\/a> in Bern.<\/p>\n<p>&nbsp;<\/p>\n<div id=\"attachment_1291\" style=\"width: 260px\" class=\"wp-caption aligncenter\"><a href=\"https:\/\/www.eda.admin.ch\/eda\/de\/home\/vertretungen-und-reisehinweise\/argentinien\/reisehinweise-fuerargentinien.html\"><img aria-describedby=\"caption-attachment-1291\" loading=\"lazy\" class=\"wp-image-1291 size-medium\" title=\"https:\/\/www.eda.admin.ch\/eda\/de\/home\/vertretungen-und-reisehinweise\/argentinien\/reisehinweise-fuerargentinien.html\" src=\"https:\/\/www.idphoto.ch\/lexikon\/wp-content\/uploads\/2014\/02\/flagge-argentinien-250x166.gif\" width=\"250\" height=\"166\" srcset=\"https:\/\/www.idphoto.app\/lexikon\/wp-content\/uploads\/2014\/02\/flagge-argentinien-250x166.gif 250w, https:\/\/www.idphoto.app\/lexikon\/wp-content\/uploads\/2014\/02\/flagge-argentinien-120x80.gif 120w\" sizes=\"(max-width: 250px) 100vw, 250px\" \/><\/a><p id=\"caption-attachment-1291\" class=\"wp-caption-text\">Reisehinweise des EDA<\/p><\/div>\n<p>&nbsp;<\/p>\n<p style=\"text-align: left;\"><a class=\"flat-button orange-flat-button\" title=\"Bild hochladen und Passbild f\u00fcr den F\u00fchrerschein zuschneiden\" href=\"https:\/\/www.idphoto.ch\/upload\/passbild\">Jetzt ein Passbild\u00a0erstellen \u00bb<\/a><\/p>\n","protected":false},"excerpt":{"rendered":"Auf dieser Seite Allgemeine Informationen Wo beantragen Allgemeine Informationen F\u00fcr die Einreise in Argentinien ben\u00f6tigen Staatsangeh\u00f6rige der Schweiz und Liechtenstein bis zu einer Aufenthaltsdauer von 90 Tagen kein Visum. F\u00fcr einen touristischen Aufenthalt von mehr als 90 Tagen ist die Beantragung eines Touristenvisums erforderlich. Gesch\u00e4ftsreisende ben\u00f6tigen hingegen stets ein Visum.\u00a0 Neben einem noch mindestens drei&#8230; <a class=\"view-article\" href=\"https:\/\/www.idphoto.app\/lexikon\/visum\/argentinien\/\">Anzeigen<\/a>","protected":false},"author":3,"featured_media":0,"parent":998,"menu_order":0,"comment_status":"open","ping_status":"open","template":"","meta":[],"_links":{"self":[{"href":"https:\/\/www.idphoto.app\/lexikon\/wp-json\/wp\/v2\/pages\/1286"}],"collection":[{"href":"https:\/\/www.idphoto.app\/lexikon\/wp-json\/wp\/v2\/pages"}],"about":[{"href":"https:\/\/www.idphoto.app\/lexikon\/wp-json\/wp\/v2\/types\/page"}],"author":[{"embeddable":true,"href":"https:\/\/www.idphoto.app\/lexikon\/wp-json\/wp\/v2\/users\/3"}],"replies":[{"embeddable":true,"href":"https:\/\/www.idphoto.app\/lexikon\/wp-json\/wp\/v2\/comments?post=1286"}],"version-history":[{"count":10,"href":"https:\/\/www.idphoto.app\/lexikon\/wp-json\/wp\/v2\/pages\/1286\/revisions"}],"predecessor-version":[{"id":2229,"href":"https:\/\/www.idphoto.app\/lexikon\/wp-json\/wp\/v2\/pages\/1286\/revisions\/2229"}],"up":[{"embeddable":true,"href":"https:\/\/www.idphoto.app\/lexikon\/wp-json\/wp\/v2\/pages\/998"}],"wp:attachment":[{"href":"https:\/\/www.idphoto.app\/lexikon\/wp-json\/wp\/v2\/media?parent=1286"}],"curies":[{"name":"wp","href":"https:\/\/api.w.org\/{rel}","templated":true}]}}