{"id":1284,"date":"2014-01-27T21:15:04","date_gmt":"2014-01-27T19:15:04","guid":{"rendered":"http:\/\/www.idphoto.ch\/?page_id=1284"},"modified":"2016-12-11T11:10:30","modified_gmt":"2016-12-11T10:10:30","slug":"chile","status":"publish","type":"page","link":"https:\/\/www.idphoto.app\/lexikon\/visum\/chile\/","title":{"rendered":"Chile \ud83c\udde8\ud83c\uddf1"},"content":{"rendered":"<p>F\u00fcr die Einreise in\u00a0Chile ben\u00f6tigen Staatsangeh\u00f6rige der Schweiz und Liechtenstein\u00a0bei einer Aufenthaltsdauer von bis zu 90 Tagen kein <a href=\"https:\/\/www.idphoto.ch\/lexikon\/visum\/\">Visum<\/a>. Man erh\u00e4lt direkt zu Beginn der Reise die sog. &#8222;Tarjeta de Tourismo&#8220;, welche einen zum Aufenthalt berechtigt, mitzuf\u00fchren und am Ende bzw. vor Ausreise\u00a0abzugeben ist.<\/p>\n<p>Sollte sie w\u00e4hrend des Aufenthaltes verloren gegangen\u00a0oder gestohlen worden sein, muss die &#8222;Polic\u00eda Internacional&#8220; in Santiago (Gral. Borgo\u00f1o 1052, Tel. 02-5657863) kontaktiert werden.\u00a0Diese, aber auch regionale Niederlassungen der &#8222;Polic\u00eda Internacional&#8220;,\u00a0stellen notfalls eine\u00a0Ersatz-Touristenkarte aus.<\/p>\n<p>Der Aufenthalt kann einmal um bis zu 90 Tage gegen eine Geb\u00fchr von 100 USD verl\u00e4ngert werden. F\u00fcr eine etwaige Visum-Verl\u00e4ngerung ist das &#8222;Departamento de Extranjer\u00eda&#8220; in Santiago (Agustinas 1235, Tel. 02-5502469) bzw.,\u00a0die regionalen Niederlassungen des &#8222;Gobernaci\u00f3n Provincial&#8220; zust\u00e4ndig. Hat man die Absicht das Visum zu verl\u00e4ngern, ben\u00f6tigt man in jedem Fall zwei Passbilder, die nicht zwingend biometrisch sein m\u00fcssen.<\/p>\n<p>Sollten nichttouristische (z.B. gesch\u00e4ftliche) und\/oder l\u00e4ngere Aufenthalte in Chile geplant sein, wendet man sich in Fragen zu Visa\u00a0am besten\u00a0rechtzeitig vor Beginn der Reise an die zust\u00e4ndige chilenische Auslandsvertretung. Hier der Link zur <a href=\"http:\/\/www.botschaft-bern.com\/chile.html\">chilenischen Botschaft in Bern<\/a>.<\/p>\n<p>Eine \u00dcbersicht der wichtigsten Visa und die entsprechende\u00a0Erl\u00e4uterung\u00a0findet sich unter: <a href=\"http:\/\/www.contactchile.cl\/de\/entdecken\/fragen-und-antworten\/index.html\">http:\/\/www.contactchile.cl\/de\/entdecken\/fragen-und-antworten\/index.html<\/a><\/p>\n<p>&nbsp;<\/p>\n<p>&nbsp;<\/p>\n<div id=\"attachment_1304\" style=\"width: 300px\" class=\"wp-caption aligncenter\"><a title=\"EDA\" href=\"https:\/\/www.eda.admin.ch\/eda\/de\/home\/vertretungen-und-reisehinweise\/chile\/reisehinweise-fuerchile.html\" target=\"_blank\"><img aria-describedby=\"caption-attachment-1304\" loading=\"lazy\" class=\" wp-image-1304\" title=\"https:\/\/www.eda.admin.ch\/eda\/de\/home\/vertretungen-und-reisehinweise\/chile\/reisehinweise-fuerchile.html\" src=\"https:\/\/www.idphoto.ch\/lexikon\/wp-content\/uploads\/2014\/02\/800px-Flag_of_Chile_svg.png\" width=\"290\" height=\"192\" srcset=\"https:\/\/www.idphoto.app\/lexikon\/wp-content\/uploads\/2014\/02\/800px-Flag_of_Chile_svg.png 800w, https:\/\/www.idphoto.app\/lexikon\/wp-content\/uploads\/2014\/02\/800px-Flag_of_Chile_svg-250x167.png 250w, https:\/\/www.idphoto.app\/lexikon\/wp-content\/uploads\/2014\/02\/800px-Flag_of_Chile_svg-700x466.png 700w, https:\/\/www.idphoto.app\/lexikon\/wp-content\/uploads\/2014\/02\/800px-Flag_of_Chile_svg-120x80.png 120w\" sizes=\"(max-width: 290px) 100vw, 290px\" \/><\/a><p id=\"caption-attachment-1304\" class=\"wp-caption-text\">Reisehinweise des EDA<\/p><\/div>\n<p>&nbsp;<\/p>\n<p><a class=\"flat-button orange-flat-button\" title=\"Bild hochladen und Passbild f\u00fcr den F\u00fchrerschein zuschneiden\" href=\"https:\/\/www.idphoto.ch\/upload\/passbild\">Jetzt ein Passbild\u00a0erstellen \u00bb<\/a><\/p>\n<p>&nbsp;<\/p>\n","protected":false},"excerpt":{"rendered":"F\u00fcr die Einreise in\u00a0Chile ben\u00f6tigen Staatsangeh\u00f6rige der Schweiz und Liechtenstein\u00a0bei einer Aufenthaltsdauer von bis zu 90 Tagen kein Visum. Man erh\u00e4lt direkt zu Beginn der Reise die sog. &#8222;Tarjeta de Tourismo&#8220;, welche einen zum Aufenthalt berechtigt, mitzuf\u00fchren und am Ende bzw. vor Ausreise\u00a0abzugeben ist. Sollte sie w\u00e4hrend des Aufenthaltes verloren gegangen\u00a0oder gestohlen worden sein, muss&#8230; <a class=\"view-article\" href=\"https:\/\/www.idphoto.app\/lexikon\/visum\/chile\/\">Anzeigen<\/a>","protected":false},"author":3,"featured_media":0,"parent":998,"menu_order":0,"comment_status":"open","ping_status":"open","template":"","meta":[],"_links":{"self":[{"href":"https:\/\/www.idphoto.app\/lexikon\/wp-json\/wp\/v2\/pages\/1284"}],"collection":[{"href":"https:\/\/www.idphoto.app\/lexikon\/wp-json\/wp\/v2\/pages"}],"about":[{"href":"https:\/\/www.idphoto.app\/lexikon\/wp-json\/wp\/v2\/types\/page"}],"author":[{"embeddable":true,"href":"https:\/\/www.idphoto.app\/lexikon\/wp-json\/wp\/v2\/users\/3"}],"replies":[{"embeddable":true,"href":"https:\/\/www.idphoto.app\/lexikon\/wp-json\/wp\/v2\/comments?post=1284"}],"version-history":[{"count":7,"href":"https:\/\/www.idphoto.app\/lexikon\/wp-json\/wp\/v2\/pages\/1284\/revisions"}],"predecessor-version":[{"id":2133,"href":"https:\/\/www.idphoto.app\/lexikon\/wp-json\/wp\/v2\/pages\/1284\/revisions\/2133"}],"up":[{"embeddable":true,"href":"https:\/\/www.idphoto.app\/lexikon\/wp-json\/wp\/v2\/pages\/998"}],"wp:attachment":[{"href":"https:\/\/www.idphoto.app\/lexikon\/wp-json\/wp\/v2\/media?parent=1284"}],"curies":[{"name":"wp","href":"https:\/\/api.w.org\/{rel}","templated":true}]}}