{"id":1282,"date":"2014-01-27T21:14:34","date_gmt":"2014-01-27T19:14:34","guid":{"rendered":"http:\/\/www.idphoto.ch\/?page_id=1282"},"modified":"2016-11-13T17:44:12","modified_gmt":"2016-11-13T16:44:12","slug":"mexiko","status":"publish","type":"page","link":"https:\/\/www.idphoto.app\/lexikon\/visum\/mexiko\/","title":{"rendered":"Mexiko \ud83c\uddf2\ud83c\uddfd"},"content":{"rendered":"<p>Staatsangeh\u00f6rige der Schweiz und Liechtenstein ben\u00f6tigen als Touristen bei einem Aufenthalt von bis zu 180 Tage in Mexiko kein Visum. Die Voraussetzungen hierf\u00fcr sind ein noch mindestens 6 Monate g\u00fcltiger Reisepass und ausreichende Geldmittel, welche auch auf Anfrage nachzuweisen sind (in Form einer internationalen Kreditkarte, Traveller-Schecks, Bargeld, etc.). Die ben\u00f6tigte Touristenkarte &#8222;FMT&#8220; erh\u00e4lt man w\u00e4hrend des Fluges und an den Grenz\u00fcberg\u00e4ngen nach Mexiko. Bei Grenz\u00fcbertritt wird die Karte gestempelt und der G\u00fcltigkeitszeitraum eingetragen. Auf die visierte G\u00fcltigkeit ist zu achten, um sp\u00e4tere Umtriebe zu vermeiden. Vor Ausreise, muss die FMT erneut vorgelegt werden.<\/p>\n<p>&nbsp;<\/p>\n<div id=\"attachment_1310\" style=\"width: 300px\" class=\"wp-caption aligncenter\"><a href=\"https:\/\/www.eda.admin.ch\/eda\/de\/home\/vertretungen-und-reisehinweise\/mexiko\/reisehinweise-fuermexiko.html\" target=\"_blank\"><img aria-describedby=\"caption-attachment-1310\" loading=\"lazy\" class=\"  wp-image-1310\" title=\"https:\/\/www.eda.admin.ch\/eda\/de\/home\/vertretungen-und-reisehinweise\/mexiko\/reisehinweise-fuermexiko.html\" src=\"https:\/\/www.idphoto.ch\/lexikon\/wp-content\/uploads\/2014\/02\/Flag_of_Mexiko.png\" width=\"290\" height=\"192\" \/><\/a><p id=\"caption-attachment-1310\" class=\"wp-caption-text\">Reisehinweise des EDA<\/p><\/div>\n","protected":false},"excerpt":{"rendered":"Staatsangeh\u00f6rige der Schweiz und Liechtenstein ben\u00f6tigen als Touristen bei einem Aufenthalt von bis zu 180 Tage in Mexiko kein Visum. Die Voraussetzungen hierf\u00fcr sind ein noch mindestens 6 Monate g\u00fcltiger Reisepass und ausreichende Geldmittel, welche auch auf Anfrage nachzuweisen sind (in Form einer internationalen Kreditkarte, Traveller-Schecks, Bargeld, etc.). Die ben\u00f6tigte Touristenkarte &#8222;FMT&#8220; erh\u00e4lt man w\u00e4hrend&#8230; <a class=\"view-article\" href=\"https:\/\/www.idphoto.app\/lexikon\/visum\/mexiko\/\">Anzeigen<\/a>","protected":false},"author":3,"featured_media":0,"parent":998,"menu_order":0,"comment_status":"open","ping_status":"open","template":"","meta":[],"_links":{"self":[{"href":"https:\/\/www.idphoto.app\/lexikon\/wp-json\/wp\/v2\/pages\/1282"}],"collection":[{"href":"https:\/\/www.idphoto.app\/lexikon\/wp-json\/wp\/v2\/pages"}],"about":[{"href":"https:\/\/www.idphoto.app\/lexikon\/wp-json\/wp\/v2\/types\/page"}],"author":[{"embeddable":true,"href":"https:\/\/www.idphoto.app\/lexikon\/wp-json\/wp\/v2\/users\/3"}],"replies":[{"embeddable":true,"href":"https:\/\/www.idphoto.app\/lexikon\/wp-json\/wp\/v2\/comments?post=1282"}],"version-history":[{"count":7,"href":"https:\/\/www.idphoto.app\/lexikon\/wp-json\/wp\/v2\/pages\/1282\/revisions"}],"predecessor-version":[{"id":2047,"href":"https:\/\/www.idphoto.app\/lexikon\/wp-json\/wp\/v2\/pages\/1282\/revisions\/2047"}],"up":[{"embeddable":true,"href":"https:\/\/www.idphoto.app\/lexikon\/wp-json\/wp\/v2\/pages\/998"}],"wp:attachment":[{"href":"https:\/\/www.idphoto.app\/lexikon\/wp-json\/wp\/v2\/media?parent=1282"}],"curies":[{"name":"wp","href":"https:\/\/api.w.org\/{rel}","templated":true}]}}