{"id":1228,"date":"2014-01-19T13:18:44","date_gmt":"2014-01-19T11:18:44","guid":{"rendered":"http:\/\/www.idphoto.ch\/?page_id=1228"},"modified":"2016-12-11T11:10:52","modified_gmt":"2016-12-11T10:10:52","slug":"kambodscha","status":"publish","type":"page","link":"https:\/\/www.idphoto.app\/lexikon\/visum\/kambodscha\/","title":{"rendered":"Kambodscha  \ud83c\uddf0\ud83c\udded"},"content":{"rendered":"<p>F\u00fcr die Einreise in Kambodscha wird grunds\u00e4tzlich ein Visum ben\u00f6tigt, welches entweder direkt beim Grenz\u00fcbertritt oder beim kambodschanischen <a href=\"http:\/\/www.cambodiaconsulate.ch\/deutsch\/visum\/index.html\">Generalkonsulat<\/a> in Z\u00fcrich beantragt werden kann. Dieses bietet f\u00fcr in der Schweiz und Liechtenstein wohnende Personen sowohl die M\u00f6glichkeit der postalischen, als auch der pers\u00f6nlichen Antragsstellung vor Ort. Ben\u00f6tigt wird neben einem noch mindestens sechs Monate g\u00fcltigen Reisepass, ein regul\u00e4res<a href=\"http:\/\/www.idphoto.ch\/upload\/\"> Passbild<\/a> in der Gr\u00f6sse 35 x 45 mm.<\/p>\n<p>Hier geht es zur Website des <a href=\"http:\/\/www.cambodiaconsulate.ch\/\">k\u00f6niglichen Generalkonsulat von Kambodscha in Z\u00fcrich<\/a>.<\/p>\n<p>&nbsp;<\/p>\n<div id=\"attachment_1249\" style=\"width: 302px\" class=\"wp-caption aligncenter\"><a href=\"https:\/\/www.eda.admin.ch\/eda\/de\/home\/vertretungen-und-reisehinweise\/kambodscha.html\" target=\"_blank\"><img aria-describedby=\"caption-attachment-1249\" loading=\"lazy\" class=\" wp-image-1249\" title=\"https:\/\/www.eda.admin.ch\/eda\/de\/home\/vertretungen-und-reisehinweise\/kambodscha.html\" src=\"https:\/\/www.idphoto.ch\/lexikon\/wp-content\/uploads\/2014\/01\/Flag_of_Cambodia.svg_.png\" width=\"292\" height=\"190\" \/><\/a><p id=\"caption-attachment-1249\" class=\"wp-caption-text\">Reisehinweise des EDA<\/p><\/div>\n<p>&nbsp;<\/p>\n<p><a class=\"flat-button orange-flat-button\" title=\"Bild hochladen und Passbild f\u00fcr den F\u00fchrerschein zuschneiden\" href=\"https:\/\/www.idphoto.ch\/upload\/passbild\">Jetzt ein Passbild\u00a0erstellen \u00bb<\/a><\/p>\n<p>&nbsp;<\/p>\n<p>&nbsp;<\/p>\n","protected":false},"excerpt":{"rendered":"F\u00fcr die Einreise in Kambodscha wird grunds\u00e4tzlich ein Visum ben\u00f6tigt, welches entweder direkt beim Grenz\u00fcbertritt oder beim kambodschanischen Generalkonsulat in Z\u00fcrich beantragt werden kann. Dieses bietet f\u00fcr in der Schweiz und Liechtenstein wohnende Personen sowohl die M\u00f6glichkeit der postalischen, als auch der pers\u00f6nlichen Antragsstellung vor Ort. Ben\u00f6tigt wird neben einem noch mindestens sechs Monate g\u00fcltigen&#8230; <a class=\"view-article\" href=\"https:\/\/www.idphoto.app\/lexikon\/visum\/kambodscha\/\">Anzeigen<\/a>","protected":false},"author":3,"featured_media":0,"parent":998,"menu_order":0,"comment_status":"open","ping_status":"open","template":"","meta":[],"_links":{"self":[{"href":"https:\/\/www.idphoto.app\/lexikon\/wp-json\/wp\/v2\/pages\/1228"}],"collection":[{"href":"https:\/\/www.idphoto.app\/lexikon\/wp-json\/wp\/v2\/pages"}],"about":[{"href":"https:\/\/www.idphoto.app\/lexikon\/wp-json\/wp\/v2\/types\/page"}],"author":[{"embeddable":true,"href":"https:\/\/www.idphoto.app\/lexikon\/wp-json\/wp\/v2\/users\/3"}],"replies":[{"embeddable":true,"href":"https:\/\/www.idphoto.app\/lexikon\/wp-json\/wp\/v2\/comments?post=1228"}],"version-history":[{"count":8,"href":"https:\/\/www.idphoto.app\/lexikon\/wp-json\/wp\/v2\/pages\/1228\/revisions"}],"predecessor-version":[{"id":2208,"href":"https:\/\/www.idphoto.app\/lexikon\/wp-json\/wp\/v2\/pages\/1228\/revisions\/2208"}],"up":[{"embeddable":true,"href":"https:\/\/www.idphoto.app\/lexikon\/wp-json\/wp\/v2\/pages\/998"}],"wp:attachment":[{"href":"https:\/\/www.idphoto.app\/lexikon\/wp-json\/wp\/v2\/media?parent=1228"}],"curies":[{"name":"wp","href":"https:\/\/api.w.org\/{rel}","templated":true}]}}