{"id":1181,"date":"2013-11-19T11:04:23","date_gmt":"2013-11-19T09:04:23","guid":{"rendered":"http:\/\/www.idphoto.ch\/?page_id=1181"},"modified":"2016-12-11T11:26:25","modified_gmt":"2016-12-11T10:26:25","slug":"china","status":"publish","type":"page","link":"https:\/\/www.idphoto.app\/lexikon\/visum\/china\/","title":{"rendered":"China \ud83c\udde8\ud83c\uddf3"},"content":{"rendered":"<p>F\u00fcr eine Einreise in die Volksrepublik China (VR) wird unter allen Umst\u00e4nden\u00a0ein Visum ben\u00f6tigt.\u00a0Hierf\u00fcr werden\u00a0zwei farbige Passfotos im Format 35 \u00d7 45 mm verlangt, die nicht \u00e4lter als 6 Monate sein d\u00fcrfen. Das Passfoto kann mit unserem <a href=\"https:\/\/www.idphoto.ch\/upload\/passbild\">Passfoto-Generator <\/a>schnell und einfach an die richtige Gr\u00f6sse angepasst werden. Bis auf wenige Ausnahmen gelten die\u00a0<a href=\"http:\/\/www.idphoto.ch\/lexikon\/passfoto\/wie-mache-ich-selber-ein-passbild-kurzanleitung\/\">biometrischen Bestimmungen<\/a>, wie sie auch in der Schweiz f\u00fcr alle Ausweisdokumente gelten.<\/p>\n<p>Seit dem 1. September 2013 gelten die neuen Visa Bestimmungen. Diese schreiben, zu den in jedem Fall ben\u00f6tigten wesentlichen Dokumenten, noch einige zus\u00e4tzliche Dokumente vor. Die wesentlichen und unbedingt vor Beantragung des Visums vorzubereitenden Dokumente, setzen sich wie folgt zusammen:<\/p>\n<ol>\n<li>Reisepass mit einer Mindestg\u00fcltigkeit von 6 Monaten nach dem gew\u00fcnschten Reiseaufenthalt und mindestens zwei freien Visa-Seiten.<\/li>\n<li>Kopie des Reisepasses, auf der Foto und Daten des Passbesitzers zu sehen sind.<\/li>\n<li>Das vollst\u00e4ndig ausgef\u00fcllte\u00a0Antragsformular und ein Foto, auf dem der gesamte Kopf und ein nicht verdecktes Gesicht vor einem gut\u00a0 ausgeleuchteten Hintergrund zu sehen ist.<\/li>\n<li>(optional) Eine Kopie der Aufenthaltsgenehmigung m\u00fcssen all diejenigen hinzuf\u00fcgen, welche nicht in ihrem Heimatland das Gesuch stellen.<\/li>\n<li>(optional) Bereits ausgestellte chinesische Visa und P\u00e4sse ehemaliger Staatsb\u00fcrger der VR China.<\/li>\n<\/ol>\n<p>Auf der Homepage der <a href=\"http:\/\/www.china-embassy.ch\/ger\/lsfw\/sbqz\/t1070493.htm\">Botschaft der VR China<\/a> in Bern\u00a0findet sich eine Auflistung der zus\u00e4tzlich ben\u00f6tigten Dokumente, nach Art des gew\u00fcnschten Visums.<\/p>\n<p>Sobald alle Dokumente zusammengestellt sind und der Antrag vollst\u00e4ndig ausgef\u00fcllt ist, kann dieser ohne notwendige Voranmeldung, jedoch fr\u00fchestens 90 Tage vor Reiseantritt bei der <a title=\"Adresse Botschaft der VR China in Bern\" href=\"http:\/\/ch.china-embassy.org\/ger\/lsfw\/sbqz\/\">Botschaft der VR China in Bern<\/a> oder beim <a href=\"http:\/\/zurich.china-consulate.org\/det\/zlgxx\/dz\/t357721.htm\">Generalkonsulat der VR China in Z\u00fcrich<\/a>\u00a0abgegeben und das Visum beantragt werden.<\/p>\n<p>&nbsp;<\/p>\n<div id=\"attachment_1267\" style=\"width: 302px\" class=\"wp-caption aligncenter\"><a href=\"https:\/\/www.eda.admin.ch\/eda\/de\/home\/vertretungen-und-reisehinweise\/china\/reisehinweise-fuer-china.html\" target=\"_blank\"><img aria-describedby=\"caption-attachment-1267\" loading=\"lazy\" class=\"wp-image-1267\" title=\"https:\/\/www.eda.admin.ch\/eda\/de\/home\/vertretungen-und-reisehinweise\/china\/reisehinweise-fuer-china.html\" src=\"https:\/\/www.idphoto.ch\/lexikon\/wp-content\/uploads\/2014\/01\/800px-Flag_of_the_Peoples_Republic_of_China.svg_.png\" width=\"292\" height=\"190\" \/><\/a><p id=\"caption-attachment-1267\" class=\"wp-caption-text\">Reisehinweise des EDA<\/p><\/div>\n<p>&nbsp;<\/p>\n<p><a class=\"flat-button orange-flat-button\" title=\"Bild hochladen und Passbild f\u00fcr den F\u00fchrerschein zuschneiden\" href=\"https:\/\/www.idphoto.ch\/upload\/passbild\">Jetzt ein Passbild\u00a0erstellen \u00bb<\/a><\/p>\n","protected":false},"excerpt":{"rendered":"F\u00fcr eine Einreise in die Volksrepublik China (VR) wird unter allen Umst\u00e4nden\u00a0ein Visum ben\u00f6tigt.\u00a0Hierf\u00fcr werden\u00a0zwei farbige Passfotos im Format 35 \u00d7 45 mm verlangt, die nicht \u00e4lter als 6 Monate sein d\u00fcrfen. Das Passfoto kann mit unserem Passfoto-Generator schnell und einfach an die richtige Gr\u00f6sse angepasst werden. Bis auf wenige Ausnahmen gelten die\u00a0biometrischen Bestimmungen, wie&#8230; <a class=\"view-article\" href=\"https:\/\/www.idphoto.app\/lexikon\/visum\/china\/\">Anzeigen<\/a>","protected":false},"author":4,"featured_media":0,"parent":998,"menu_order":0,"comment_status":"open","ping_status":"open","template":"","meta":[],"_links":{"self":[{"href":"https:\/\/www.idphoto.app\/lexikon\/wp-json\/wp\/v2\/pages\/1181"}],"collection":[{"href":"https:\/\/www.idphoto.app\/lexikon\/wp-json\/wp\/v2\/pages"}],"about":[{"href":"https:\/\/www.idphoto.app\/lexikon\/wp-json\/wp\/v2\/types\/page"}],"author":[{"embeddable":true,"href":"https:\/\/www.idphoto.app\/lexikon\/wp-json\/wp\/v2\/users\/4"}],"replies":[{"embeddable":true,"href":"https:\/\/www.idphoto.app\/lexikon\/wp-json\/wp\/v2\/comments?post=1181"}],"version-history":[{"count":10,"href":"https:\/\/www.idphoto.app\/lexikon\/wp-json\/wp\/v2\/pages\/1181\/revisions"}],"predecessor-version":[{"id":2222,"href":"https:\/\/www.idphoto.app\/lexikon\/wp-json\/wp\/v2\/pages\/1181\/revisions\/2222"}],"up":[{"embeddable":true,"href":"https:\/\/www.idphoto.app\/lexikon\/wp-json\/wp\/v2\/pages\/998"}],"wp:attachment":[{"href":"https:\/\/www.idphoto.app\/lexikon\/wp-json\/wp\/v2\/media?parent=1181"}],"curies":[{"name":"wp","href":"https:\/\/api.w.org\/{rel}","templated":true}]}}