{"id":1019,"date":"2013-10-06T21:03:42","date_gmt":"2013-10-06T19:03:42","guid":{"rendered":"http:\/\/www.idphoto.ch\/?page_id=1019"},"modified":"2016-12-11T11:09:10","modified_gmt":"2016-12-11T10:09:10","slug":"usa","status":"publish","type":"page","link":"https:\/\/www.idphoto.app\/lexikon\/visum\/usa\/","title":{"rendered":"USA \ud83c\uddfa\ud83c\uddf8"},"content":{"rendered":"<p>F\u00fcr die Einreise in die Vereinigten Staaten von Amerika (USA)\u00a0ben\u00f6tigen Schweizer und Liechtensteiner Staatsangeh\u00f6rige sowie EU-B\u00fcrger f\u00fcr touristische \u00a0Zwecke bis zu einer Aufenthaltsdauer von 90 Tagen kein Visum. Man f\u00e4llt somit unter\u00a0das \u201c<a title=\"Offizielle VWP-Seite in neuem Tab \u00f6ffnen\" href=\"http:\/\/bern.usembassy.gov\/visas\/vwp.html\" target=\"_blank\">Visa Waiver Program<\/a>\u201d (VWP) und muss sich lediglich vor Reiseantritt mittels <a title=\"Offizielle ESTA-Seite in neuem Fenster \u00f6ffnen\" href=\"https:\/\/esta.cbp.dhs.gov\/esta\/\" target=\"_blank\">ESTA<\/a> (Electronic System for Travel Authorization) registrieren.<\/p>\n<p>F\u00fcr l\u00e4ngere Aufenthalte oder nicht-touristische Zwecke ist hingegen ein Visum zwingend erforderlich. Hierf\u00fcr werden\u00a0zwei farbige Passfotos im Format 50 x 50 mm verlangt, die nicht \u00e4lter als 6 Monate sein d\u00fcrfen. Das Passfoto kann mit unserem <a href=\"https:\/\/www.idphoto.ch\/upload\/visumfoto\">Visum-Foto-Generator<\/a>\u00a0schnell und einfach an die richtige Gr\u00f6sse angepasst werden. Bis auf wenige Ausnahmen gelten die\u00a0<a href=\"http:\/\/www.idphoto.ch\/lexikon\/passfoto\/wie-mache-ich-selber-ein-passbild-kurzanleitung\/\">biometrischen Bestimmungen<\/a>, wie sie auch in der Schweiz f\u00fcr alle\u00a0Ausweisdokumente gelten.<\/p>\n<p>Weitere Informationen zum Antragsprozess finden Sie auf der <a href=\"http:\/\/bern.usembassy.gov\/visas.html\">Website der US-Amerikanischen\u00a0Botschaft in Bern<\/a>.<\/p>\n<p>&nbsp;<\/p>\n<div id=\"attachment_1961\" style=\"width: 306px\" class=\"wp-caption aligncenter\"><a href=\"https:\/\/www.eda.admin.ch\/eda\/de\/home\/vertretungen-und-reisehinweise\/vereinigte-staaten.html\" target=\"_blank\"><img aria-describedby=\"caption-attachment-1961\" loading=\"lazy\" class=\"wp-image-1961\" title=\"https:\/\/www.eda.admin.ch\/eda\/de\/home\/vertretungen-und-reisehinweise\/vereinigte-staaten.html\" src=\"https:\/\/www.idphoto.ch\/lexikon\/wp-content\/uploads\/2013\/10\/flagge-vereinigte-staaten-von-amerika-usa-250x167.gif\" width=\"296\" height=\"198\" srcset=\"https:\/\/www.idphoto.app\/lexikon\/wp-content\/uploads\/2013\/10\/flagge-vereinigte-staaten-von-amerika-usa-250x167.gif 250w, https:\/\/www.idphoto.app\/lexikon\/wp-content\/uploads\/2013\/10\/flagge-vereinigte-staaten-von-amerika-usa-120x80.gif 120w\" sizes=\"(max-width: 296px) 100vw, 296px\" \/><\/a><p id=\"caption-attachment-1961\" class=\"wp-caption-text\">Reisehinweise des EDA<\/p><\/div>\n<p>&nbsp;<\/p>\n<p><a class=\"flat-button orange-flat-button\" title=\"Bild hochladen und Passbild f\u00fcr den F\u00fchrerschein zuschneiden\" href=\"https:\/\/www.idphoto.ch\/upload\/visumfoto\">Jetzt ein Visum-Foto erstellen \u00bb<\/a><\/p>\n","protected":false},"excerpt":{"rendered":"F\u00fcr die Einreise in die Vereinigten Staaten von Amerika (USA)\u00a0ben\u00f6tigen Schweizer und Liechtensteiner Staatsangeh\u00f6rige sowie EU-B\u00fcrger f\u00fcr touristische \u00a0Zwecke bis zu einer Aufenthaltsdauer von 90 Tagen kein Visum. Man f\u00e4llt somit unter\u00a0das \u201cVisa Waiver Program\u201d (VWP) und muss sich lediglich vor Reiseantritt mittels ESTA (Electronic System for Travel Authorization) registrieren. F\u00fcr l\u00e4ngere Aufenthalte oder nicht-touristische&#8230; <a class=\"view-article\" href=\"https:\/\/www.idphoto.app\/lexikon\/visum\/usa\/\">Anzeigen<\/a>","protected":false},"author":3,"featured_media":0,"parent":998,"menu_order":0,"comment_status":"open","ping_status":"open","template":"","meta":[],"_links":{"self":[{"href":"https:\/\/www.idphoto.app\/lexikon\/wp-json\/wp\/v2\/pages\/1019"}],"collection":[{"href":"https:\/\/www.idphoto.app\/lexikon\/wp-json\/wp\/v2\/pages"}],"about":[{"href":"https:\/\/www.idphoto.app\/lexikon\/wp-json\/wp\/v2\/types\/page"}],"author":[{"embeddable":true,"href":"https:\/\/www.idphoto.app\/lexikon\/wp-json\/wp\/v2\/users\/3"}],"replies":[{"embeddable":true,"href":"https:\/\/www.idphoto.app\/lexikon\/wp-json\/wp\/v2\/comments?post=1019"}],"version-history":[{"count":12,"href":"https:\/\/www.idphoto.app\/lexikon\/wp-json\/wp\/v2\/pages\/1019\/revisions"}],"predecessor-version":[{"id":2207,"href":"https:\/\/www.idphoto.app\/lexikon\/wp-json\/wp\/v2\/pages\/1019\/revisions\/2207"}],"up":[{"embeddable":true,"href":"https:\/\/www.idphoto.app\/lexikon\/wp-json\/wp\/v2\/pages\/998"}],"wp:attachment":[{"href":"https:\/\/www.idphoto.app\/lexikon\/wp-json\/wp\/v2\/media?parent=1019"}],"curies":[{"name":"wp","href":"https:\/\/api.w.org\/{rel}","templated":true}]}}

<p>Für die Einreise in die Vereinigten Staaten von Amerika (USA) benötigen Schweizer und Liechtensteiner Staatsangehörige sowie EU-Bürger für touristische  Zwecke bis zu einer Aufenthaltsdauer von 90 Tagen kein Visum. Man fällt somit unter das “<a title="Offizielle VWP-Seite in neuem Tab öffnen" href="http://bern.usembassy.gov/visas/vwp.html" target="_blank">Visa Waiver Program</a>” (VWP) und muss sich lediglich vor Reiseantritt mittels <a title="Offizielle ESTA-Seite in neuem Fenster öffnen" href="https://esta.cbp.dhs.gov/esta/" target="_blank">ESTA</a> (Electronic System for Travel Authorization) registrieren.</p>
<p>Für längere Aufenthalte oder nicht-touristische Zwecke ist hingegen ein Visum zwingend erforderlich. Hierfür werden zwei farbige Passfotos im Format 50 x 50 mm verlangt, die nicht älter als 6 Monate sein dürfen. Das Passfoto kann mit unserem <a href="https://www.idphoto.ch/upload/visumfoto">Visum-Foto-Generator</a> schnell und einfach an die richtige Grösse angepasst werden. Bis auf wenige Ausnahmen gelten die <a href="http://www.idphoto.ch/lexikon/passfoto/wie-mache-ich-selber-ein-passbild-kurzanleitung/">biometrischen Bestimmungen</a>, wie sie auch in der Schweiz für alle Ausweisdokumente gelten.</p>
<p>Weitere Informationen zum Antragsprozess finden Sie auf der <a href="http://bern.usembassy.gov/visas.html">Website der US-Amerikanischen Botschaft in Bern</a>.</p>
<p>&nbsp;</p>
<div id="attachment_1961" style="width: 306px" class="wp-caption aligncenter"><a href="https://www.eda.admin.ch/eda/de/home/vertretungen-und-reisehinweise/vereinigte-staaten.html" target="_blank"><img aria-describedby="caption-attachment-1961" loading="lazy" class="wp-image-1961" title="https://www.eda.admin.ch/eda/de/home/vertretungen-und-reisehinweise/vereinigte-staaten.html" src="https://www.idphoto.ch/lexikon/wp-content/uploads/2013/10/flagge-vereinigte-staaten-von-amerika-usa-250x167.gif" width="296" height="198" srcset="https://www.idphoto.app/lexikon/wp-content/uploads/2013/10/flagge-vereinigte-staaten-von-amerika-usa-250x167.gif 250w, https://www.idphoto.app/lexikon/wp-content/uploads/2013/10/flagge-vereinigte-staaten-von-amerika-usa-120x80.gif 120w" sizes="(max-width: 296px) 100vw, 296px" /></a><p id="caption-attachment-1961" class="wp-caption-text">Reisehinweise des EDA</p></div>
<p>&nbsp;</p>
<p><a class="flat-button orange-flat-button" title="Bild hochladen und Passbild für den Führerschein zuschneiden" href="https://www.idphoto.ch/upload/visumfoto">Jetzt ein Visum-Foto erstellen »</a></p>

Für die Einreise in die Vereinigten Staaten von Amerika (USA) benötigen Schweizer und Liechtensteiner Staatsangehörige sowie EU-Bürger für touristische  Zwecke bis zu einer Aufenthaltsdauer von 90 Tagen kein Visum. Man fällt somit unter das “Visa Waiver Program” (VWP) und muss sich lediglich vor Reiseantritt mittels ESTA (Electronic System for Travel Authorization) registrieren. Für längere Aufenthalte oder nicht-touristische&#8230; <a class="view-article" href="https://www.idphoto.app/lexikon/visum/usa/">Anzeigen</a>
