{"id":1010,"date":"2013-10-06T20:54:48","date_gmt":"2013-10-06T18:54:48","guid":{"rendered":"http:\/\/www.idphoto.ch\/?page_id=1010"},"modified":"2016-11-22T21:53:56","modified_gmt":"2016-11-22T20:53:56","slug":"indien","status":"publish","type":"page","link":"https:\/\/www.idphoto.app\/lexikon\/visum\/indien\/","title":{"rendered":"Indien \ud83c\uddee\ud83c\uddf3"},"content":{"rendered":"<div>\n<p>F\u00fcr die Einreise nach Indien ben\u00f6tigen Schweizer Staatsangeh\u00f6rige ein Visum mit zwei farbigen Passbildern im Format 2 \u00d7 2 Zoll bzw. 5 \u00d7 5 cm.<\/p>\n<p>Die Passbilder sollten m\u00f6glichst neu sein \u2013 nicht \u00e4lter als 6 Monate.<\/p>\n<p>Das ben\u00f6tigte Visum-Foto kann in unserem <a href=\"http:\/\/www.idphoto.ch\/upload\/visum.php\">Visum-Foto Generator<\/a> kostenlos auf das korrekte Seitenverh\u00e4ltnis zugeschnitten und an die Schablone angepasst werden.<\/p>\n<p>&nbsp;<\/p>\n<div id=\"attachment_1246\" style=\"width: 302px\" class=\"wp-caption aligncenter\"><a href=\"https:\/\/www.eda.admin.ch\/eda\/de\/home\/vertretungen-und-reisehinweise\/indien\/reisehinweise-fuerindien.html\" target=\"_blank\"><img aria-describedby=\"caption-attachment-1246\" loading=\"lazy\" class=\" wp-image-1246\" title=\"https:\/\/www.eda.admin.ch\/eda\/de\/home\/vertretungen-und-reisehinweise\/indien\/reisehinweise-fuerindien.html\" src=\"https:\/\/www.idphoto.ch\/lexikon\/wp-content\/uploads\/2014\/01\/Flag_of_India.svg_.png\" width=\"292\" height=\"190\" \/><\/a><p id=\"caption-attachment-1246\" class=\"wp-caption-text\">Reisehinweise des EDA<\/p><\/div>\n<p>&nbsp;<\/p>\n<\/div>\n<p><a class=\"flat-button orange-flat-button\" title=\"Bild hochladen und Passbild f\u00fcr den F\u00fchrerschein zuschneiden\" href=\"https:\/\/www.idphoto.ch\/upload\/passbild\">Jetzt ein Visum-Foto\u00a0erstellen \u00bb<\/a><\/p>\n<p>&nbsp;<\/p>\n<div>\n<p>&nbsp;<\/p>\n<\/div>\n","protected":false},"excerpt":{"rendered":"F\u00fcr die Einreise nach Indien ben\u00f6tigen Schweizer Staatsangeh\u00f6rige ein Visum mit zwei farbigen Passbildern im Format 2 \u00d7 2 Zoll bzw. 5 \u00d7 5 cm. Die Passbilder sollten m\u00f6glichst neu sein \u2013 nicht \u00e4lter als 6 Monate. Das ben\u00f6tigte Visum-Foto kann in unserem Visum-Foto Generator kostenlos auf das korrekte Seitenverh\u00e4ltnis zugeschnitten und an die Schablone&#8230; <a class=\"view-article\" href=\"https:\/\/www.idphoto.app\/lexikon\/visum\/indien\/\">Anzeigen<\/a>","protected":false},"author":3,"featured_media":0,"parent":998,"menu_order":0,"comment_status":"open","ping_status":"open","template":"","meta":[],"_links":{"self":[{"href":"https:\/\/www.idphoto.app\/lexikon\/wp-json\/wp\/v2\/pages\/1010"}],"collection":[{"href":"https:\/\/www.idphoto.app\/lexikon\/wp-json\/wp\/v2\/pages"}],"about":[{"href":"https:\/\/www.idphoto.app\/lexikon\/wp-json\/wp\/v2\/types\/page"}],"author":[{"embeddable":true,"href":"https:\/\/www.idphoto.app\/lexikon\/wp-json\/wp\/v2\/users\/3"}],"replies":[{"embeddable":true,"href":"https:\/\/www.idphoto.app\/lexikon\/wp-json\/wp\/v2\/comments?post=1010"}],"version-history":[{"count":7,"href":"https:\/\/www.idphoto.app\/lexikon\/wp-json\/wp\/v2\/pages\/1010\/revisions"}],"predecessor-version":[{"id":2141,"href":"https:\/\/www.idphoto.app\/lexikon\/wp-json\/wp\/v2\/pages\/1010\/revisions\/2141"}],"up":[{"embeddable":true,"href":"https:\/\/www.idphoto.app\/lexikon\/wp-json\/wp\/v2\/pages\/998"}],"wp:attachment":[{"href":"https:\/\/www.idphoto.app\/lexikon\/wp-json\/wp\/v2\/media?parent=1010"}],"curies":[{"name":"wp","href":"https:\/\/api.w.org\/{rel}","templated":true}]}}