{"id":928,"date":"2012-11-08T17:19:15","date_gmt":"2012-11-08T16:19:15","guid":{"rendered":"http:\/\/www.idphoto.app\/?page_id=928"},"modified":"2016-07-06T21:50:53","modified_gmt":"2016-07-06T19:50:53","slug":"puce","status":"publish","type":"page","link":"https:\/\/www.idphoto.app\/aide\/passeport\/puce\/","title":{"rendered":"Puce"},"content":{"rendered":"<p>Le passeport actuel ou le pass 10 est \u00e9quip\u00e9 d&rsquo;une puce, sur laquelle des donn\u00e9es \u00e9lectroniques suppl\u00e9mentaires sont stock\u00e9es. Celles-ci peuvent \u00eatre lues sans contact \u00e0 petite distance aux bornes correspondantes.<\/p>\n<p>Les donn\u00e9es comprennent les empreintes sous forme digitales et une image du visage et sont cens\u00e9s d&rsquo;augmenter la s\u00e9curit\u00e9 du document de voyage ainsi qu&#8217;emp\u00eacher leur falsification ou la rendre difficile.<\/p>\n<p>Le pass 10 a \u00e9t\u00e9 publi\u00e9 pour la premi\u00e8re fois le 1er mars 2010.<\/p>\n","protected":false},"excerpt":{"rendered":"Le passeport actuel ou le pass 10 est \u00e9quip\u00e9 d&rsquo;une puce, sur laquelle des donn\u00e9es \u00e9lectroniques suppl\u00e9mentaires sont stock\u00e9es. Celles-ci peuvent \u00eatre lues sans contact \u00e0 petite distance aux bornes correspondantes. Les donn\u00e9es comprennent les empreintes sous forme digitales et une image du visage et sont cens\u00e9s d&rsquo;augmenter la s\u00e9curit\u00e9 du document de voyage ainsi&#8230; <a class=\"view-article\" href=\"https:\/\/www.idphoto.app\/aide\/passeport\/puce\/\">Lire l\u2019article<\/a>","protected":false},"author":1,"featured_media":0,"parent":37,"menu_order":0,"comment_status":"open","ping_status":"closed","template":"","meta":[],"_links":{"self":[{"href":"https:\/\/www.idphoto.app\/aide\/wp-json\/wp\/v2\/pages\/928"}],"collection":[{"href":"https:\/\/www.idphoto.app\/aide\/wp-json\/wp\/v2\/pages"}],"about":[{"href":"https:\/\/www.idphoto.app\/aide\/wp-json\/wp\/v2\/types\/page"}],"author":[{"embeddable":true,"href":"https:\/\/www.idphoto.app\/aide\/wp-json\/wp\/v2\/users\/1"}],"replies":[{"embeddable":true,"href":"https:\/\/www.idphoto.app\/aide\/wp-json\/wp\/v2\/comments?post=928"}],"version-history":[{"count":1,"href":"https:\/\/www.idphoto.app\/aide\/wp-json\/wp\/v2\/pages\/928\/revisions"}],"predecessor-version":[{"id":1892,"href":"https:\/\/www.idphoto.app\/aide\/wp-json\/wp\/v2\/pages\/928\/revisions\/1892"}],"up":[{"embeddable":true,"href":"https:\/\/www.idphoto.app\/aide\/wp-json\/wp\/v2\/pages\/37"}],"wp:attachment":[{"href":"https:\/\/www.idphoto.app\/aide\/wp-json\/wp\/v2\/media?parent=928"}],"curies":[{"name":"wp","href":"https:\/\/api.w.org\/{rel}","templated":true}]}}