{"id":674,"date":"2010-02-12T12:41:48","date_gmt":"2010-02-12T11:41:48","guid":{"rendered":"http:\/\/www.idphoto.app\/?page_id=674"},"modified":"2019-01-11T07:20:26","modified_gmt":"2019-01-11T06:20:26","slug":"biometrique-ou-pas","status":"publish","type":"page","link":"https:\/\/www.idphoto.app\/aide\/photo-de-passeport\/biometrique-ou-pas\/","title":{"rendered":"Biom\u00e9trique ou pas?"},"content":{"rendered":"<p>On diff\u00e9rencie les photos d&rsquo;identit\u00e9, si elles sont biom\u00e9triques ou pas. Une <strong>\u00ab\u00a0photo d&rsquo;identit\u00e9 r\u00e9guli\u00e8re\u00a0\u00bb<\/strong> est une petite photo qui repr\u00e9sente le visage d&rsquo;une personne. Anciennement et dans la pluspart des cas, la personne \u00e9tait photographi\u00e9e de trois quarts.<\/p>\n<p>De nos jours, les <strong>photos biom\u00e9triques pour passeports<\/strong> sont n\u00e9cessaires pour presque toutes les pi\u00e8ces d&rsquo;identit\u00e9 officielles. Pour des photos biom\u00e9triques pour passeports, ils existent des r\u00e8gles strictes pour la posture de t\u00eate et l&rsquo;expression du visage. Aussi la taille du visage sur la photo est pr\u00e9scrite. En dehors de cela, le visage est adapt\u00e9 \u00e0 un <a href=\"https:\/\/www.idphoto.app\/aide\/photo-de-passeport\/modele-biometrique\/\">mod\u00e8le<\/a> biom\u00e9trique uniforme afin que les caract\u00e9ristiques biom\u00e9triques du visage se laissent&nbsp;extraire bien et uniform\u00e9ment.<\/p>\n<h2>Vue d&rsquo;ensemble des documents d&rsquo;identit\u00e9 suisses<\/h2>\n<p>Actuellement les <strong>photos biom\u00e9triques<\/strong> pour passeports sont requises pour les documents d&rsquo;identit\u00e9 suisses, qui se trouvent dans le tableau suivant :<\/p>\n<div class=\"table-responsive\">\n<table class=\"list\" style=\"height: 374px;\" width=\"725\">\n<tbody>\n<tr>\n<th>Document<\/th>\n<th>Photo biom\u00e9trique n\u00e9cessaire?<\/th>\n<th>Action<\/th>\n<\/tr>\n<tr class=\"odge\">\n<td>Livret pour \u00e9trangers<\/td>\n<td>non<\/td>\n<td><a class=\"hollow-button orange\" title=\"Jetzt ein Passbild f\u00fcr ein Badge anpassen\" href=\"https:\/\/www.idphoto.app\/fr\/upload\/photo-passeport\" target=\"_blank\">Personnaliser l&rsquo;image \u00bb<\/a><\/td>\n<\/tr>\n<tr>\n<td>Livret pour \u00e9trangers (biom\u00e9triques)<\/td>\n<td>oui<\/td>\n<td><a class=\"hollow-button orange\" title=\"Jetzt ein Passbild f\u00fcr ein Badge anpassen\" href=\"https:\/\/www.idphoto.app\/fr\/upload\/photo-passeport\" target=\"_blank\">Personnaliser l&rsquo;image \u00bb<\/a><\/td>\n<\/tr>\n<tr class=\"odge\">\n<td>Badge<\/td>\n<td>non<\/td>\n<td><a class=\"hollow-button orange\" title=\"Jetzt ein Passbild f\u00fcr ein Badge anpassen\" href=\"https:\/\/www.idphoto.app\/fr\/upload\/photo-passeport\" target=\"_blank\">Personnaliser l&rsquo;image \u00bb<\/a><\/td>\n<\/tr>\n<tr>\n<td>Permis de conduire<\/td>\n<td>non<\/td>\n<td><a class=\"hollow-button orange\" title=\"Jetzt ein Passbild f\u00fcr ein Badge anpassen\" href=\"https:\/\/www.idphoto.app\/fr\/upload\/photo-passeport\" target=\"_blank\">Personnaliser l&rsquo;image \u00bb<\/a><\/td>\n<\/tr>\n<tr class=\"odge\">\n<td>Abonnement demi-tarif<\/td>\n<td>non<\/td>\n<td><a class=\"hollow-button orange\" title=\"Jetzt ein Passbild f\u00fcr ein Badge anpassen\" href=\"https:\/\/www.idphoto.app\/fr\/upload\/photo-passeport\" target=\"_blank\">Personnaliser l&rsquo;image \u00bb<\/a><\/td>\n<\/tr>\n<tr>\n<td>Carte d&rsquo;identit\u00e9<\/td>\n<td>oui<\/td>\n<td><a class=\"hollow-button orange\" title=\"Jetzt ein Passbild f\u00fcr ein Badge anpassen\" href=\"https:\/\/www.idphoto.app\/fr\/upload\/photo-passeport\" target=\"_blank\">Personnaliser l&rsquo;image \u00bb<\/a><\/td>\n<\/tr>\n<tr class=\"odge\">\n<td>Passeport<\/td>\n<td>oui<\/td>\n<td><a class=\"hollow-button orange\" title=\"Jetzt ein Passbild f\u00fcr ein Badge anpassen\" href=\"https:\/\/www.idphoto.app\/fr\/upload\/photo-passeport\" target=\"_blank\">Personnaliser l&rsquo;image \u00bb<\/a><\/td>\n<\/tr>\n<tr>\n<td>Carte \u00e9tudiante<\/td>\n<td>non<\/td>\n<td><a class=\"hollow-button orange\" title=\"Jetzt ein Passbild f\u00fcr ein Badge anpassen\" href=\"https:\/\/www.idphoto.app\/fr\/upload\/photo-passeport\" target=\"_blank\">Personnaliser l&rsquo;image \u00bb<\/a><\/td>\n<\/tr>\n<tr class=\"odge\">\n<td>Visa<\/td>\n<td>oui<\/td>\n<td><a class=\"hollow-button orange\" title=\"Jetzt ben\u00f6tigte Passbildgr\u00f6sse f\u00fcr ein Visum bestimmen\" href=\"https:\/\/www.idphoto.app\/fr\/taille-du-passeport\" target=\"_blank\">D\u00e9terminer taille \u00bb<\/a><\/td>\n<\/tr>\n<\/tbody>\n<\/table>\n<\/div>\n","protected":false},"excerpt":{"rendered":"On diff\u00e9rencie les photos d&rsquo;identit\u00e9, si elles sont biom\u00e9triques ou pas. Une \u00ab\u00a0photo d&rsquo;identit\u00e9 r\u00e9guli\u00e8re\u00a0\u00bb est une petite photo qui repr\u00e9sente le visage d&rsquo;une personne. Anciennement et dans la pluspart des cas, la personne \u00e9tait photographi\u00e9e de trois quarts. De nos jours, les photos biom\u00e9triques pour passeports sont n\u00e9cessaires pour presque toutes les pi\u00e8ces d&rsquo;identit\u00e9&#8230; <a class=\"view-article\" href=\"https:\/\/www.idphoto.app\/aide\/photo-de-passeport\/biometrique-ou-pas\/\">Lire l\u2019article<\/a>","protected":false},"author":1,"featured_media":0,"parent":142,"menu_order":0,"comment_status":"open","ping_status":"closed","template":"","meta":[],"_links":{"self":[{"href":"https:\/\/www.idphoto.app\/aide\/wp-json\/wp\/v2\/pages\/674"}],"collection":[{"href":"https:\/\/www.idphoto.app\/aide\/wp-json\/wp\/v2\/pages"}],"about":[{"href":"https:\/\/www.idphoto.app\/aide\/wp-json\/wp\/v2\/types\/page"}],"author":[{"embeddable":true,"href":"https:\/\/www.idphoto.app\/aide\/wp-json\/wp\/v2\/users\/1"}],"replies":[{"embeddable":true,"href":"https:\/\/www.idphoto.app\/aide\/wp-json\/wp\/v2\/comments?post=674"}],"version-history":[{"count":5,"href":"https:\/\/www.idphoto.app\/aide\/wp-json\/wp\/v2\/pages\/674\/revisions"}],"predecessor-version":[{"id":2098,"href":"https:\/\/www.idphoto.app\/aide\/wp-json\/wp\/v2\/pages\/674\/revisions\/2098"}],"up":[{"embeddable":true,"href":"https:\/\/www.idphoto.app\/aide\/wp-json\/wp\/v2\/pages\/142"}],"wp:attachment":[{"href":"https:\/\/www.idphoto.app\/aide\/wp-json\/wp\/v2\/media?parent=674"}],"curies":[{"name":"wp","href":"https:\/\/api.w.org\/{rel}","templated":true}]}}