{"id":31,"date":"2009-09-09T19:59:41","date_gmt":"2009-09-09T17:59:41","guid":{"rendered":"http:\/\/www.idphoto.app\/\/?page_id=31"},"modified":"2016-07-06T21:52:00","modified_gmt":"2016-07-06T19:52:00","slug":"obligation-generale-d-identification","status":"publish","type":"page","link":"https:\/\/www.idphoto.app\/aide\/carte-d-identite\/obligation-generale-d-identification\/","title":{"rendered":"Obligation g\u00e9n\u00e9rale d&rsquo;identification"},"content":{"rendered":"<p>D&rsquo;apr\u00e8s la l\u00e9gislation il n&rsquo;existe pas d&rsquo;obilgation g\u00e9n\u00e9rale d&rsquo;identification en Suisse. Cependant, ce qui peut arriver c&rsquo;est que dans le cadre de la d\u00e9tection de votre identit\u00e9 (peut se produire lors d&rsquo;une enqu\u00eate en raison de confusion ou similair) vous \u00eates demand\u00e9 de consulter la prochaine garde. Une carte m\u00e9dicale peut ainsi \u00e9conomiser beaucoup d&rsquo;ennuis et de temps.<\/p>\n","protected":false},"excerpt":{"rendered":"D&rsquo;apr\u00e8s la l\u00e9gislation il n&rsquo;existe pas d&rsquo;obilgation g\u00e9n\u00e9rale d&rsquo;identification en Suisse. Cependant, ce qui peut arriver c&rsquo;est que dans le cadre de la d\u00e9tection de votre identit\u00e9 (peut se produire lors d&rsquo;une enqu\u00eate en raison de confusion ou similair) vous \u00eates demand\u00e9 de consulter la prochaine garde. Une carte m\u00e9dicale peut ainsi \u00e9conomiser beaucoup d&rsquo;ennuis&#8230; <a class=\"view-article\" href=\"https:\/\/www.idphoto.app\/aide\/carte-d-identite\/obligation-generale-d-identification\/\">Lire l\u2019article<\/a>","protected":false},"author":1,"featured_media":0,"parent":33,"menu_order":0,"comment_status":"open","ping_status":"closed","template":"","meta":[],"_links":{"self":[{"href":"https:\/\/www.idphoto.app\/aide\/wp-json\/wp\/v2\/pages\/31"}],"collection":[{"href":"https:\/\/www.idphoto.app\/aide\/wp-json\/wp\/v2\/pages"}],"about":[{"href":"https:\/\/www.idphoto.app\/aide\/wp-json\/wp\/v2\/types\/page"}],"author":[{"embeddable":true,"href":"https:\/\/www.idphoto.app\/aide\/wp-json\/wp\/v2\/users\/1"}],"replies":[{"embeddable":true,"href":"https:\/\/www.idphoto.app\/aide\/wp-json\/wp\/v2\/comments?post=31"}],"version-history":[{"count":1,"href":"https:\/\/www.idphoto.app\/aide\/wp-json\/wp\/v2\/pages\/31\/revisions"}],"predecessor-version":[{"id":1896,"href":"https:\/\/www.idphoto.app\/aide\/wp-json\/wp\/v2\/pages\/31\/revisions\/1896"}],"up":[{"embeddable":true,"href":"https:\/\/www.idphoto.app\/aide\/wp-json\/wp\/v2\/pages\/33"}],"wp:attachment":[{"href":"https:\/\/www.idphoto.app\/aide\/wp-json\/wp\/v2\/media?parent=31"}],"curies":[{"name":"wp","href":"https:\/\/api.w.org\/{rel}","templated":true}]}}