{"id":1350,"date":"2014-02-09T21:01:38","date_gmt":"2014-02-09T20:01:38","guid":{"rendered":"http:\/\/www.idphoto.app\/?page_id=1350"},"modified":"2020-03-19T01:59:03","modified_gmt":"2020-03-19T00:59:03","slug":"venezuela","status":"publish","type":"page","link":"https:\/\/www.idphoto.app\/aide\/visa\/venezuela\/","title":{"rendered":"Venezuela \ud83c\uddfb\ud83c\uddea"},"content":{"rendered":"<p>A l&rsquo;entr\u00e9e au Venezuela une demande d&rsquo;un visa n&rsquo;est pas n\u00e9cessaire pour des citoyens de la France, si la dur\u00e9e du s\u00e9jour ne d\u00e9passe pas 90 jours. Dans l&rsquo;avion ou \u00e0 la fronti\u00e8re, la carte nomm\u00e9e \u00ab\u00a0Touriste Entry Card\u00a0\u00bb (TEC) est \u00e0 remplir tout simplement (gratuitement). Celle-ci est \u00e0 garder soigneusement, puisqu&rsquo;elle est demand\u00e9e pour le d\u00e9part. Pour des longs s\u00e9jours et d&rsquo;autres fins (des voyages d&rsquo;affaires, le travail, des \u00e9tudes, etc.), un visa est demand\u00e9 fondamentalement. Un tel est \u00e0 demander devant l&rsquo;entr\u00e9e aupr\u00e8s de l&rsquo;<a href=\"http:\/\/www.embavenez-suiza.ch\/\">ambassade v\u00e9n\u00e9zu\u00e9lienne \u00e0 Berne<\/a>. A c\u00f4t\u00e9 d&rsquo;un passeport valable d&rsquo;au moins 6 mois (avec une page libre) et une <a href=\"https:\/\/www.idphoto.app\/fr\/upload\/photo-passeport\">photo de passeport<\/a> r\u00e9guli\u00e8re, en particulier la preuve de la fin de visite est n\u00e9cessaire.<\/p>\n<div id=\"attachment_1351\" style=\"width: 285px\" class=\"wp-caption aligncenter\"><a href=\"https:\/\/www.eda.admin.ch\/eda\/de\/home\/vertretungen-und-reisehinweise\/venezuela\/reisehinweise-fuervenezuela.html\"><img aria-describedby=\"caption-attachment-1351\" class=\" wp-image-1351 \" title=\"venezuela\" src=\"https:\/\/www.idphoto.app\/aide\/wp-content\/uploads\/2014\/02\/venezuela.jpg\" alt=\"\" width=\"275\" height=\"183\" srcset=\"https:\/\/www.idphoto.app\/aide\/wp-content\/uploads\/2014\/02\/venezuela.jpg 275w, https:\/\/www.idphoto.app\/aide\/wp-content\/uploads\/2014\/02\/venezuela-250x166.jpg 250w, https:\/\/www.idphoto.app\/aide\/wp-content\/uploads\/2014\/02\/venezuela-120x80.jpg 120w\" sizes=\"(max-width: 275px) 100vw, 275px\" \/><\/a><p id=\"caption-attachment-1351\" class=\"wp-caption-text\">Conseils aux voyageurs du DFAE<\/p><\/div>\n<p><a href=\"https:\/\/www.idphoto.app\/fr\/upload\/photo-passeport\">Cr\u00e9er photo de passeport maintenant \u00bb<\/a><\/p>\n","protected":false},"excerpt":{"rendered":"A l&rsquo;entr\u00e9e au Venezuela une demande d&rsquo;un visa n&rsquo;est pas n\u00e9cessaire pour des citoyens de la France, si la dur\u00e9e du s\u00e9jour ne d\u00e9passe pas 90 jours. Dans l&rsquo;avion ou \u00e0 la fronti\u00e8re, la carte nomm\u00e9e \u00ab\u00a0Touriste Entry Card\u00a0\u00bb (TEC) est \u00e0 remplir tout simplement (gratuitement). Celle-ci est \u00e0 garder soigneusement, puisqu&rsquo;elle est demand\u00e9e pour&#8230; <a class=\"view-article\" href=\"https:\/\/www.idphoto.app\/aide\/visa\/venezuela\/\">Lire l\u2019article<\/a>","protected":false},"author":1,"featured_media":0,"parent":998,"menu_order":0,"comment_status":"open","ping_status":"closed","template":"","meta":[],"_links":{"self":[{"href":"https:\/\/www.idphoto.app\/aide\/wp-json\/wp\/v2\/pages\/1350"}],"collection":[{"href":"https:\/\/www.idphoto.app\/aide\/wp-json\/wp\/v2\/pages"}],"about":[{"href":"https:\/\/www.idphoto.app\/aide\/wp-json\/wp\/v2\/types\/page"}],"author":[{"embeddable":true,"href":"https:\/\/www.idphoto.app\/aide\/wp-json\/wp\/v2\/users\/1"}],"replies":[{"embeddable":true,"href":"https:\/\/www.idphoto.app\/aide\/wp-json\/wp\/v2\/comments?post=1350"}],"version-history":[{"count":6,"href":"https:\/\/www.idphoto.app\/aide\/wp-json\/wp\/v2\/pages\/1350\/revisions"}],"predecessor-version":[{"id":2109,"href":"https:\/\/www.idphoto.app\/aide\/wp-json\/wp\/v2\/pages\/1350\/revisions\/2109"}],"up":[{"embeddable":true,"href":"https:\/\/www.idphoto.app\/aide\/wp-json\/wp\/v2\/pages\/998"}],"wp:attachment":[{"href":"https:\/\/www.idphoto.app\/aide\/wp-json\/wp\/v2\/media?parent=1350"}],"curies":[{"name":"wp","href":"https:\/\/api.w.org\/{rel}","templated":true}]}}

<p>A l&rsquo;entrée au Venezuela une demande d&rsquo;un visa n&rsquo;est pas nécessaire pour des citoyens de la France, si la durée du séjour ne dépasse pas 90 jours. Dans l&rsquo;avion ou à la frontière, la carte nommée « Touriste Entry Card » (TEC) est à remplir tout simplement (gratuitement). Celle-ci est à garder soigneusement, puisqu&rsquo;elle est demandée pour le départ. Pour des longs séjours et d&rsquo;autres fins (des voyages d&rsquo;affaires, le travail, des études, etc.), un visa est demandé fondamentalement. Un tel est à demander devant l&rsquo;entrée auprès de l&rsquo;<a href="http://www.embavenez-suiza.ch/">ambassade vénézuélienne à Berne</a>. A côté d&rsquo;un passeport valable d&rsquo;au moins 6 mois (avec une page libre) et une <a href="https://www.idphoto.app/fr/upload/photo-passeport">photo de passeport</a> régulière, en particulier la preuve de la fin de visite est nécessaire.</p>
<div id="attachment_1351" style="width: 285px" class="wp-caption aligncenter"><a href="https://www.eda.admin.ch/eda/de/home/vertretungen-und-reisehinweise/venezuela/reisehinweise-fuervenezuela.html"><img aria-describedby="caption-attachment-1351" class=" wp-image-1351 " title="venezuela" src="https://www.idphoto.app/aide/wp-content/uploads/2014/02/venezuela.jpg" alt="" width="275" height="183" srcset="https://www.idphoto.app/aide/wp-content/uploads/2014/02/venezuela.jpg 275w, https://www.idphoto.app/aide/wp-content/uploads/2014/02/venezuela-250x166.jpg 250w, https://www.idphoto.app/aide/wp-content/uploads/2014/02/venezuela-120x80.jpg 120w" sizes="(max-width: 275px) 100vw, 275px" /></a><p id="caption-attachment-1351" class="wp-caption-text">Conseils aux voyageurs du DFAE</p></div>
<p><a href="https://www.idphoto.app/fr/upload/photo-passeport">Créer photo de passeport maintenant »</a></p>

A l&rsquo;entrée au Venezuela une demande d&rsquo;un visa n&rsquo;est pas nécessaire pour des citoyens de la France, si la durée du séjour ne dépasse pas 90 jours. Dans l&rsquo;avion ou à la frontière, la carte nommée « Touriste Entry Card » (TEC) est à remplir tout simplement (gratuitement). Celle-ci est à garder soigneusement, puisqu&rsquo;elle est demandée pour&#8230; <a class="view-article" href="https://www.idphoto.app/aide/visa/venezuela/">Lire l’article</a>
