{"id":1334,"date":"2014-02-08T17:03:36","date_gmt":"2014-02-08T16:03:36","guid":{"rendered":"http:\/\/www.idphoto.app\/?page_id=1334"},"modified":"2020-03-19T02:04:17","modified_gmt":"2020-03-19T01:04:17","slug":"colombie","status":"publish","type":"page","link":"https:\/\/www.idphoto.app\/aide\/visa\/colombie\/","title":{"rendered":"Colombie \ud83c\udde8\ud83c\uddf4"},"content":{"rendered":"<p>A l&rsquo;entr\u00e9e en Colombie une demande d&rsquo;un visa n&rsquo;est pas n\u00e9cessaire pour des citoyens fran\u00e7ais si la dur\u00e9e de s\u00e9jour ne d\u00e9passe pas 90 jours. Une prolongation unique de 90 jours suppl\u00e9mentaires est possible. Ceci est aussi valable pour des voyages touristiques ainsi que pour des voyages d&rsquo;affaires. A d&rsquo;autres fins (\u00e9tudes, travail) par contre un visa est toujours n\u00e9c\u00e9ssaire. Un tel est \u00e0 demander avant l&rsquo;entr\u00e9e aupr\u00e8s <a href=\"http:\/\/suiza.embajada.gov.co\">l&rsquo;ambassade colombienne \u00e0 Berne<\/a>.<\/p>\n<div id=\"attachment_1338\" style=\"width: 310px\" class=\"wp-caption aligncenter\"><a href=\"https:\/\/www.eda.admin.ch\/eda\/de\/home\/vertretungen-und-reisehinweise\/kolumbien\/reisehinweise-fuerkolumbien.html\"><img aria-describedby=\"caption-attachment-1338\" class=\" wp-image-1338 \" title=\"flagge-kolumbien\" src=\"https:\/\/www.idphoto.app\/aide\/wp-content\/uploads\/2014\/02\/flagge-kolumbien1.gif\" alt=\"\" width=\"300\" height=\"199\"><\/a><p id=\"caption-attachment-1338\" class=\"wp-caption-text\">Le compte rendu de la situation actuel du DFAE en cliquant ici<\/p><\/div>\n","protected":false},"excerpt":{"rendered":"A l&rsquo;entr\u00e9e en Colombie une demande d&rsquo;un visa n&rsquo;est pas n\u00e9cessaire pour des citoyens fran\u00e7ais si la dur\u00e9e de s\u00e9jour ne d\u00e9passe pas 90 jours. Une prolongation unique de 90 jours suppl\u00e9mentaires est possible. Ceci est aussi valable pour des voyages touristiques ainsi que pour des voyages d&rsquo;affaires. A d&rsquo;autres fins (\u00e9tudes, travail) par contre&#8230; <a class=\"view-article\" href=\"https:\/\/www.idphoto.app\/aide\/visa\/colombie\/\">Lire l\u2019article<\/a>","protected":false},"author":1,"featured_media":0,"parent":998,"menu_order":0,"comment_status":"open","ping_status":"closed","template":"","meta":[],"_links":{"self":[{"href":"https:\/\/www.idphoto.app\/aide\/wp-json\/wp\/v2\/pages\/1334"}],"collection":[{"href":"https:\/\/www.idphoto.app\/aide\/wp-json\/wp\/v2\/pages"}],"about":[{"href":"https:\/\/www.idphoto.app\/aide\/wp-json\/wp\/v2\/types\/page"}],"author":[{"embeddable":true,"href":"https:\/\/www.idphoto.app\/aide\/wp-json\/wp\/v2\/users\/1"}],"replies":[{"embeddable":true,"href":"https:\/\/www.idphoto.app\/aide\/wp-json\/wp\/v2\/comments?post=1334"}],"version-history":[{"count":4,"href":"https:\/\/www.idphoto.app\/aide\/wp-json\/wp\/v2\/pages\/1334\/revisions"}],"predecessor-version":[{"id":2120,"href":"https:\/\/www.idphoto.app\/aide\/wp-json\/wp\/v2\/pages\/1334\/revisions\/2120"}],"up":[{"embeddable":true,"href":"https:\/\/www.idphoto.app\/aide\/wp-json\/wp\/v2\/pages\/998"}],"wp:attachment":[{"href":"https:\/\/www.idphoto.app\/aide\/wp-json\/wp\/v2\/media?parent=1334"}],"curies":[{"name":"wp","href":"https:\/\/api.w.org\/{rel}","templated":true}]}}

<p>A l&rsquo;entrée en Colombie une demande d&rsquo;un visa n&rsquo;est pas nécessaire pour des citoyens français si la durée de séjour ne dépasse pas 90 jours. Une prolongation unique de 90 jours supplémentaires est possible. Ceci est aussi valable pour des voyages touristiques ainsi que pour des voyages d&rsquo;affaires. A d&rsquo;autres fins (études, travail) par contre un visa est toujours nécéssaire. Un tel est à demander avant l&rsquo;entrée auprès <a href="http://suiza.embajada.gov.co">l&rsquo;ambassade colombienne à Berne</a>.</p>
<div id="attachment_1338" style="width: 310px" class="wp-caption aligncenter"><a href="https://www.eda.admin.ch/eda/de/home/vertretungen-und-reisehinweise/kolumbien/reisehinweise-fuerkolumbien.html"><img aria-describedby="caption-attachment-1338" class=" wp-image-1338 " title="flagge-kolumbien" src="https://www.idphoto.app/aide/wp-content/uploads/2014/02/flagge-kolumbien1.gif" alt="" width="300" height="199"></a><p id="caption-attachment-1338" class="wp-caption-text">Le compte rendu de la situation actuel du DFAE en cliquant ici</p></div>

A l&rsquo;entrée en Colombie une demande d&rsquo;un visa n&rsquo;est pas nécessaire pour des citoyens français si la durée de séjour ne dépasse pas 90 jours. Une prolongation unique de 90 jours supplémentaires est possible. Ceci est aussi valable pour des voyages touristiques ainsi que pour des voyages d&rsquo;affaires. A d&rsquo;autres fins (études, travail) par contre&#8230; <a class="view-article" href="https://www.idphoto.app/aide/visa/colombie/">Lire l’article</a>
