{"id":1100,"date":"2013-10-12T13:09:48","date_gmt":"2013-10-12T11:09:48","guid":{"rendered":"http:\/\/www.idphoto.app\/?page_id=1100"},"modified":"2020-03-19T01:52:44","modified_gmt":"2020-03-19T00:52:44","slug":"australie","status":"publish","type":"page","link":"https:\/\/www.idphoto.app\/aide\/visa\/australie\/","title":{"rendered":"Australie \ud83c\udde6\ud83c\uddfa"},"content":{"rendered":"<p>En Australie, un visa obligatoire est n\u00e9c\u00e9ssaire pour tous les \u00e9trangers. On distingue entre le type \u00ab\u00a0<a title=\"ETA Visa subclass 976\" href=\"http:\/\/www.immi.gov.au\/visitors\/tourist\/976\/\" target=\"_blank\">ETA Visa subclass 976<\/a>\u00a0\u00bb lequel poss\u00e8de une validit\u00e9 d&rsquo;un ans permettant des entr\u00e9es et sorties multiples et ainsi aussi une prolongation du s\u00e9jour et le type \u00ab\u00a0<a title=\"eVisitor subclass 676\" href=\"http:\/\/www.immi.gov.au\/visitors\/tourist\/676\/\" target=\"_blank\">eVisitor subclass 676<\/a>\u00ab\u00a0.<\/p>\n<p>Le visa \u00ab\u00a0eVisitor\u00a0\u00bb peut \u00eatre demand\u00e9 par soi-m\u00eame en cliquant le lien suivant :<\/p>\n<p><a href=\"https:\/\/www.ecom.immi.gov.au\/\">https:\/\/www.ecom.immi.gov.au\/<\/a><\/p>\n<p>Avant la r\u00e9servation du voyage, la demande doit \u00eatre remplie imp\u00e9rativement d&rsquo;abord et ensuite le visa doit avoir \u00e9t\u00e9 confirm\u00e9. Toutes les informations importantes sont envoy\u00e9es exclusivement par e-mail, on <strong>ne les re\u00e7oit pas<\/strong> sous forme papier!<\/p>\n<p>&nbsp;<\/p>\n<div id=\"attachment_1240\" style=\"width: 302px\" class=\"wp-caption aligncenter\"><a href=\"http:\/\/www.eda.admin.ch\/eda\/de\/home\/travad\/hidden\/hidde2\/austra.html\" target=\"_blank\"><img aria-describedby=\"caption-attachment-1240\" class=\" wp-image-1240 \" title=\"Flagge_Australien_svg\" src=\"https:\/\/www.idphoto.app\/aide\/wp-content\/uploads\/2014\/01\/800px-Flag_of_Australia_svg-e1390239977200.png\" alt=\"\" width=\"292\" height=\"190\"><\/a><p id=\"caption-attachment-1240\" class=\"wp-caption-text\">Conseils aux voyageurs du DFAE<\/p><\/div>\n<p>&nbsp;<\/p>\n<p><a href=\"https:\/\/www.idphoto.app\/fr\/upload\/photo-passeport\">Cr\u00e9er photo de passeport maintenant \u00bb<\/a><\/p>\n","protected":false},"excerpt":{"rendered":"En Australie, un visa obligatoire est n\u00e9c\u00e9ssaire pour tous les \u00e9trangers. On distingue entre le type \u00ab\u00a0ETA Visa subclass 976\u00a0\u00bb lequel poss\u00e8de une validit\u00e9 d&rsquo;un ans permettant des entr\u00e9es et sorties multiples et ainsi aussi une prolongation du s\u00e9jour et le type \u00ab\u00a0eVisitor subclass 676\u00ab\u00a0. Le visa \u00ab\u00a0eVisitor\u00a0\u00bb peut \u00eatre demand\u00e9 par soi-m\u00eame en cliquant&#8230; <a class=\"view-article\" href=\"https:\/\/www.idphoto.app\/aide\/visa\/australie\/\">Lire l\u2019article<\/a>","protected":false},"author":1,"featured_media":0,"parent":998,"menu_order":0,"comment_status":"open","ping_status":"closed","template":"","meta":[],"_links":{"self":[{"href":"https:\/\/www.idphoto.app\/aide\/wp-json\/wp\/v2\/pages\/1100"}],"collection":[{"href":"https:\/\/www.idphoto.app\/aide\/wp-json\/wp\/v2\/pages"}],"about":[{"href":"https:\/\/www.idphoto.app\/aide\/wp-json\/wp\/v2\/types\/page"}],"author":[{"embeddable":true,"href":"https:\/\/www.idphoto.app\/aide\/wp-json\/wp\/v2\/users\/1"}],"replies":[{"embeddable":true,"href":"https:\/\/www.idphoto.app\/aide\/wp-json\/wp\/v2\/comments?post=1100"}],"version-history":[{"count":4,"href":"https:\/\/www.idphoto.app\/aide\/wp-json\/wp\/v2\/pages\/1100\/revisions"}],"predecessor-version":[{"id":2101,"href":"https:\/\/www.idphoto.app\/aide\/wp-json\/wp\/v2\/pages\/1100\/revisions\/2101"}],"up":[{"embeddable":true,"href":"https:\/\/www.idphoto.app\/aide\/wp-json\/wp\/v2\/pages\/998"}],"wp:attachment":[{"href":"https:\/\/www.idphoto.app\/aide\/wp-json\/wp\/v2\/media?parent=1100"}],"curies":[{"name":"wp","href":"https:\/\/api.w.org\/{rel}","templated":true}]}}