{"id":1025,"date":"2013-10-06T21:12:12","date_gmt":"2013-10-06T19:12:12","guid":{"rendered":"http:\/\/www.idphoto.app\/?page_id=1025"},"modified":"2017-01-27T10:24:14","modified_gmt":"2017-01-27T09:24:14","slug":"exigences","status":"publish","type":"page","link":"https:\/\/www.idphoto.app\/aide\/photo-visa\/exigences\/","title":{"rendered":"Exigences"},"content":{"rendered":"<div>\n<h2>Photo d&rsquo;identit\u00e9 = photo visa ? Malheureusement pas toujours!<\/h2>\n<p>Selon le pays destinaire, les demandes pour une photo visa se distinguent l\u00e9g\u00e8rement. Jusqu&rsquo;\u00e0 quelques exceptions les <a href=\"https:\/\/www.idphoto.app\/aide\/photo-de-passeport\/comment-fais-je-une-photo-de-passeport-mode-emploi\/\">dispositions biom\u00e9triques<\/a> sont valables, comme ils les sont aussi en Suisse pour tous les documents d&rsquo;identit\u00e9.<\/p>\n<p>Certains pays exigent des photos qui ont un \u00e9carter minimal des dispositions de photo d&rsquo;identit\u00e9 suisses et qui par exemple doivent avoir un arri\u00e8re-plan bleu ou vert. Dans les \u00e9tats membres de L&rsquo;UE g\u00e9n\u00e9ralement un arri\u00e8re-plan gris clair jusqu&rsquo;au blanc est demand\u00e9.<\/p>\n<h2>Le format pour des photos visa<\/h2>\n<p>En outre, deux formats sont r\u00e9pandus pour <a href=\"https:\/\/www.idphoto.app\/aide\/photo-visa\/\">la photo visa<\/a> :<\/p>\n<ul>\n<li>le format standard europ\u00e9en avec les dimensions de 3,5 cm x 4,5 cm et<\/li>\n<li>le format standard am\u00e9ricain de\u00a0 5 cm x 5 cm (ou 2 x 2 pouces).<\/li>\n<\/ul>\n<h2>Des questions? N&rsquo;h\u00e9sitez pas \u00e0 nous contacter!<\/h2>\n<p>Au cas o\u00f9 nous n&rsquo;avons mentionn\u00e9 aucune information exacte pour votre pays destinaire dans notre l\u00e9xique, vous pouvez nous \u00e9crire <a href=\"https:\/\/www.idphoto.app\/fr\/contact\">un message<\/a>. Nous vous conseillons volontiers et r\u00e9pondons \u00e0 toutes vos questions.<\/p>\n<\/div>\n","protected":false},"excerpt":{"rendered":"Photo d&rsquo;identit\u00e9 = photo visa ? Malheureusement pas toujours! Selon le pays destinaire, les demandes pour une photo visa se distinguent l\u00e9g\u00e8rement. Jusqu&rsquo;\u00e0 quelques exceptions les dispositions biom\u00e9triques sont valables, comme ils les sont aussi en Suisse pour tous les documents d&rsquo;identit\u00e9. Certains pays exigent des photos qui ont un \u00e9carter minimal des dispositions de&#8230; <a class=\"view-article\" href=\"https:\/\/www.idphoto.app\/aide\/photo-visa\/exigences\/\">Lire l\u2019article<\/a>","protected":false},"author":1,"featured_media":0,"parent":1003,"menu_order":0,"comment_status":"open","ping_status":"closed","template":"","meta":[],"_links":{"self":[{"href":"https:\/\/www.idphoto.app\/aide\/wp-json\/wp\/v2\/pages\/1025"}],"collection":[{"href":"https:\/\/www.idphoto.app\/aide\/wp-json\/wp\/v2\/pages"}],"about":[{"href":"https:\/\/www.idphoto.app\/aide\/wp-json\/wp\/v2\/types\/page"}],"author":[{"embeddable":true,"href":"https:\/\/www.idphoto.app\/aide\/wp-json\/wp\/v2\/users\/1"}],"replies":[{"embeddable":true,"href":"https:\/\/www.idphoto.app\/aide\/wp-json\/wp\/v2\/comments?post=1025"}],"version-history":[{"count":3,"href":"https:\/\/www.idphoto.app\/aide\/wp-json\/wp\/v2\/pages\/1025\/revisions"}],"predecessor-version":[{"id":1981,"href":"https:\/\/www.idphoto.app\/aide\/wp-json\/wp\/v2\/pages\/1025\/revisions\/1981"}],"up":[{"embeddable":true,"href":"https:\/\/www.idphoto.app\/aide\/wp-json\/wp\/v2\/pages\/1003"}],"wp:attachment":[{"href":"https:\/\/www.idphoto.app\/aide\/wp-json\/wp\/v2\/media?parent=1025"}],"curies":[{"name":"wp","href":"https:\/\/api.w.org\/{rel}","templated":true}]}}

<div>
<h2>Photo d&rsquo;identité = photo visa ? Malheureusement pas toujours!</h2>
<p>Selon le pays destinaire, les demandes pour une photo visa se distinguent légèrement. Jusqu&rsquo;à quelques exceptions les <a href="https://www.idphoto.app/aide/photo-de-passeport/comment-fais-je-une-photo-de-passeport-mode-emploi/">dispositions biométriques</a> sont valables, comme ils les sont aussi en Suisse pour tous les documents d&rsquo;identité.</p>
<p>Certains pays exigent des photos qui ont un écarter minimal des dispositions de photo d&rsquo;identité suisses et qui par exemple doivent avoir un arrière-plan bleu ou vert. Dans les états membres de L&rsquo;UE généralement un arrière-plan gris clair jusqu&rsquo;au blanc est demandé.</p>
<h2>Le format pour des photos visa</h2>
<p>En outre, deux formats sont répandus pour <a href="https://www.idphoto.app/aide/photo-visa/">la photo visa</a> :</p>
<ul>
<li>le format standard européen avec les dimensions de 3,5 cm x 4,5 cm et</li>
<li>le format standard américain de  5 cm x 5 cm (ou 2 x 2 pouces).</li>
</ul>
<h2>Des questions? N&rsquo;hésitez pas à nous contacter!</h2>
<p>Au cas où nous n&rsquo;avons mentionné aucune information exacte pour votre pays destinaire dans notre léxique, vous pouvez nous écrire <a href="https://www.idphoto.app/fr/contact">un message</a>. Nous vous conseillons volontiers et répondons à toutes vos questions.</p>
</div>

Photo d&rsquo;identité = photo visa ? Malheureusement pas toujours! Selon le pays destinaire, les demandes pour une photo visa se distinguent légèrement. Jusqu&rsquo;à quelques exceptions les dispositions biométriques sont valables, comme ils les sont aussi en Suisse pour tous les documents d&rsquo;identité. Certains pays exigent des photos qui ont un écarter minimal des dispositions de&#8230; <a class="view-article" href="https://www.idphoto.app/aide/photo-visa/exigences/">Lire l’article</a>
